Last updated on 2022-05-16 02:51:14 CEST.
Flavor | Version | Tinstall | Tcheck | Ttotal | Status | Flags |
---|---|---|---|---|---|---|
r-devel-linux-x86_64-debian-clang | 1.0.1 | 83.80 | 81.37 | 165.17 | NOTE | |
r-devel-linux-x86_64-debian-gcc | 1.0.1 | 71.96 | 61.48 | 133.44 | NOTE | |
r-devel-linux-x86_64-fedora-clang | 1.0.1 | 226.52 | NOTE | |||
r-devel-linux-x86_64-fedora-gcc | 1.0.1 | 215.83 | NOTE | |||
r-devel-windows-x86_64 | 1.0.1 | 111.00 | 124.00 | 235.00 | NOTE | |
r-patched-linux-x86_64 | 1.0.1 | 77.13 | 79.51 | 156.64 | NOTE | |
r-release-linux-x86_64 | 1.0.1 | 75.73 | 80.22 | 155.95 | NOTE | |
r-release-macos-arm64 | 1.0.1 | 51.00 | NOTE | |||
r-release-macos-x86_64 | 1.0.1 | 69.00 | NOTE | |||
r-release-windows-x86_64 | 1.0.1 | 137.00 | 130.00 | 267.00 | NOTE | |
r-oldrel-macos-arm64 | 1.0.1 | 67.00 | NOTE | |||
r-oldrel-macos-x86_64 | 1.0.1 | 113.00 | NOTE | |||
r-oldrel-windows-ix86+x86_64 | 1.0.1 | 188.00 | 139.00 | 327.00 | NOTE |
Version: 1.0.1
Check: LazyData
Result: NOTE
'LazyData' is specified without a 'data' directory
Flavors: r-devel-linux-x86_64-debian-clang, r-devel-linux-x86_64-debian-gcc, r-devel-linux-x86_64-fedora-clang, r-devel-linux-x86_64-fedora-gcc, r-devel-windows-x86_64, r-patched-linux-x86_64, r-release-linux-x86_64, r-release-macos-arm64, r-release-macos-x86_64, r-release-windows-x86_64, r-oldrel-macos-arm64, r-oldrel-macos-x86_64, r-oldrel-windows-ix86+x86_64
Version: 1.0.1
Check: installed package size
Result: NOTE
installed size is 7.3Mb
sub-directories of 1Mb or more:
libs 6.5Mb
Flavors: r-devel-linux-x86_64-fedora-clang, r-release-macos-arm64, r-release-macos-x86_64, r-oldrel-macos-arm64, r-oldrel-macos-x86_64