Last updated on 2024-08-16 01:48:30 CEST.
Flavor | Version | Tinstall | Tcheck | Ttotal | Status | Flags |
---|---|---|---|---|---|---|
r-devel-linux-x86_64-debian-clang | 1.5.0 | 131.52 | 163.79 | 295.31 | OK | |
r-devel-linux-x86_64-debian-gcc | 1.5.0 | 87.67 | 107.91 | 195.58 | OK | |
r-devel-linux-x86_64-fedora-clang | 1.5.0 | 546.38 | OK | |||
r-devel-linux-x86_64-fedora-gcc | 1.5.0 | 523.57 | OK | |||
r-devel-windows-x86_64 | 1.5.0 | 144.00 | 191.00 | 335.00 | OK | |
r-patched-linux-x86_64 | 1.5.0 | 131.34 | 151.19 | 282.53 | OK | |
r-release-linux-x86_64 | 1.5.0 | 126.36 | 154.73 | 281.09 | OK | |
r-release-macos-arm64 | 1.5.0 | 119.00 | NOTE | |||
r-release-macos-x86_64 | 1.5.0 | 154.00 | NOTE | |||
r-release-windows-x86_64 | 1.5.0 | 149.00 | 193.00 | 342.00 | OK | |
r-oldrel-macos-arm64 | 1.5.0 | 119.00 | NOTE | |||
r-oldrel-macos-x86_64 | 1.5.0 | 255.00 | NOTE | |||
r-oldrel-windows-x86_64 | 1.5.0 | 175.00 | 250.00 | 425.00 | OK |
Version: 1.5.0
Check: installed package size
Result: NOTE
installed size is 9.9Mb
sub-directories of 1Mb or more:
R 2.1Mb
extdata 1.2Mb
libs 5.9Mb
Flavors: r-release-macos-arm64, r-release-macos-x86_64, r-oldrel-macos-arm64, r-oldrel-macos-x86_64