Last updated on 2025-04-30 02:50:52 CEST.
Flavor | Version | Tinstall | Tcheck | Ttotal | Status | Flags |
---|---|---|---|---|---|---|
r-devel-linux-x86_64-debian-clang | 0.1.2 | 13.29 | 99.58 | 112.87 | NOTE | |
r-devel-linux-x86_64-debian-gcc | 0.1.2 | 10.10 | 71.55 | 81.65 | OK | |
r-devel-linux-x86_64-fedora-clang | 0.1.2 | 180.18 | OK | |||
r-devel-linux-x86_64-fedora-gcc | 0.1.2 | 187.33 | OK | |||
r-devel-windows-x86_64 | 0.1.2 | 18.00 | 141.00 | 159.00 | OK | |
r-patched-linux-x86_64 | 0.1.2 | 12.21 | 93.02 | 105.23 | OK | |
r-release-linux-x86_64 | 0.1.2 | 12.91 | 93.59 | 106.50 | OK | |
r-release-macos-arm64 | 0.1.2 | 78.00 | OK | |||
r-release-macos-x86_64 | 0.1.2 | 131.00 | OK | |||
r-release-windows-x86_64 | 0.1.2 | 18.00 | 136.00 | 154.00 | OK | |
r-oldrel-macos-arm64 | 0.1.2 | 71.00 | OK | |||
r-oldrel-macos-x86_64 | 0.1.2 | 98.00 | OK | |||
r-oldrel-windows-x86_64 | 0.1.2 | 21.00 | 165.00 | 186.00 | OK |
Version: 0.1.2
Check: examples
Result: NOTE
Examples with CPU (user + system) or elapsed time > 5s
user system elapsed
sketch 4.538 0.511 5.545
sketch_leverage 4.348 0.336 6.599
Flavor: r-devel-linux-x86_64-debian-clang