CRAN Package Check Results for Package sklarsomega

Last updated on 2025-05-21 01:49:40 CEST.

Flavor Version Tinstall Tcheck Ttotal Status Flags
r-devel-linux-x86_64-debian-clang 3.0-2 11.61 96.41 108.02 NOTE
r-devel-linux-x86_64-debian-gcc 3.0-2 8.24 71.55 79.79 NOTE
r-devel-linux-x86_64-fedora-clang 3.0-2 170.82 OK
r-devel-linux-x86_64-fedora-gcc 3.0-2 162.17 OK
r-devel-windows-x86_64 3.0-2 16.00 113.00 129.00 NOTE
r-patched-linux-x86_64 3.0-2 11.20 91.42 102.62 NOTE
r-release-linux-x86_64 3.0-2 12.06 93.08 105.14 NOTE
r-release-macos-arm64 3.0-2 76.00 OK
r-release-macos-x86_64 3.0-2 96.00 OK
r-release-windows-x86_64 3.0-2 16.00 125.00 141.00 NOTE
r-oldrel-macos-arm64 3.0-2 47.00 OK
r-oldrel-macos-x86_64 3.0-2 84.00 OK
r-oldrel-windows-x86_64 3.0-2 20.00 131.00 151.00 OK

Check Details

Version: 3.0-2
Check: CRAN incoming feasibility
Result: NOTE Maintainer: ‘John Hughes <drjphughesjr@gmail.com>’ No Authors@R field in DESCRIPTION. Please add one, modifying Authors@R: person(given = "John", family = "Hughes", role = c("aut", "cre"), email = "drjphughesjr@gmail.com") as necessary. The Description field contains <arXiv:1803.02734> methodology to nominal scores, ordinal scores, Please refer to arXiv e-prints via their arXiv DOI <doi:10.48550/arXiv.YYMM.NNNNN>. Flavors: r-devel-linux-x86_64-debian-clang, r-devel-linux-x86_64-debian-gcc

Version: 3.0-2
Check: Rd cross-references
Result: NOTE Found the following Rd file(s) with Rd \link{} targets missing package anchors: sklars.omega.Rd: hjkb Please provide package anchors for all Rd \link{} targets not in the package itself and the base packages. Flavors: r-devel-linux-x86_64-debian-clang, r-devel-linux-x86_64-debian-gcc, r-devel-windows-x86_64, r-patched-linux-x86_64, r-release-linux-x86_64, r-release-windows-x86_64