Last updated on 2023-05-31 01:57:27 CEST.
Flavor | Version | Tinstall | Tcheck | Ttotal | Status | Flags |
---|---|---|---|---|---|---|
r-devel-linux-x86_64-debian-clang | 0.1.5.4 | 88.40 | 443.75 | 532.15 | NOTE | |
r-devel-linux-x86_64-debian-gcc | 0.1.5.4 | 70.17 | 338.75 | 408.92 | NOTE | |
r-devel-linux-x86_64-fedora-clang | 0.1.5.4 | 691.21 | NOTE | |||
r-devel-linux-x86_64-fedora-gcc | 0.1.5.4 | 699.02 | NOTE | |||
r-devel-windows-x86_64 | 0.1.5.4 | 66.00 | 92.00 | 158.00 | NOTE | --no-vignettes |
r-patched-linux-x86_64 | 0.1.5.4 | 72.66 | 446.43 | 519.09 | NOTE | |
r-release-linux-x86_64 | 0.1.5.4 | 77.50 | 447.81 | 525.31 | NOTE | |
r-release-macos-arm64 | 0.1.5.4 | 369.00 | NOTE | |||
r-release-macos-x86_64 | 0.1.5.4 | 712.00 | NOTE | |||
r-release-windows-x86_64 | 0.1.5.4 | 93.00 | 79.00 | 172.00 | NOTE | --no-vignettes |
r-oldrel-macos-arm64 | 0.1.5.4 | 305.00 | NOTE | |||
r-oldrel-macos-x86_64 | 0.1.5.4 | 384.00 | NOTE | |||
r-oldrel-windows-x86_64 | 0.1.5.4 | 87.00 | 97.00 | 184.00 | NOTE | --no-vignettes |
Version: 0.1.5.4
Check: for GNU extensions in Makefiles
Result: NOTE
GNU make is a SystemRequirements.
Flavors: r-devel-linux-x86_64-debian-clang, r-devel-linux-x86_64-debian-gcc, r-devel-linux-x86_64-fedora-clang, r-devel-linux-x86_64-fedora-gcc, r-patched-linux-x86_64, r-release-linux-x86_64, r-release-macos-arm64, r-release-macos-x86_64, r-oldrel-macos-arm64, r-oldrel-macos-x86_64
Version: 0.1.5.4
Check: compiled code
Result: NOTE
File ‘skm/libs/skm.so’:
Found no calls to: ‘R_registerRoutines’, ‘R_useDynamicSymbols’
It is good practice to register native routines and to disable symbol
search.
See ‘Writing portable packages’ in the ‘Writing R Extensions’ manual.
Flavors: r-devel-linux-x86_64-fedora-clang, r-devel-linux-x86_64-fedora-gcc
Version: 0.1.5.4
Flags: --no-vignettes
Check: for GNU extensions in Makefiles
Result: NOTE
GNU make is a SystemRequirements.
Flavors: r-devel-windows-x86_64, r-release-windows-x86_64, r-oldrel-windows-x86_64
Version: 0.1.5.4
Check: installed package size
Result: NOTE
installed size is 7.4Mb
sub-directories of 1Mb or more:
doc 1.1Mb
libs 5.2Mb
Flavors: r-release-macos-arm64, r-release-macos-x86_64, r-oldrel-macos-arm64, r-oldrel-macos-x86_64