Last updated on 2024-04-17 01:49:57 CEST.
Flavor | Version | Tinstall | Tcheck | Ttotal | Status | Flags |
---|---|---|---|---|---|---|
r-devel-linux-x86_64-debian-clang | 0.2-16 | 2.76 | 544.50 | 547.26 | NOTE | |
r-devel-linux-x86_64-debian-gcc | 0.2-16 | 2.81 | 356.90 | 359.71 | NOTE | |
r-devel-linux-x86_64-fedora-clang | 0.2-16 | 611.13 | NOTE | |||
r-devel-linux-x86_64-fedora-gcc | 0.2-16 | 528.39 | NOTE | |||
r-prerel-macos-arm64 | 0.2-16 | 158.00 | NOTE | |||
r-prerel-windows-x86_64 | 0.2-16 | 6.00 | 343.00 | 349.00 | NOTE | |
r-patched-linux-x86_64 | 0.2-16 | 3.31 | 471.67 | 474.98 | NOTE | |
r-release-linux-x86_64 | 0.2-16 | 3.86 | 418.82 | 422.68 | NOTE | |
r-release-macos-arm64 | 0.2-16 | 161.00 | NOTE | |||
r-release-macos-x86_64 | 0.2-16 | 426.00 | NOTE | |||
r-release-windows-x86_64 | 0.2-16 | 5.00 | 352.00 | 357.00 | NOTE | |
r-oldrel-macos-arm64 | 0.2-16 | 139.00 | NOTE | |||
r-oldrel-windows-x86_64 | 0.2-16 | 5.00 | 314.00 | 319.00 | NOTE |
Version: 0.2-16
Check: package dependencies
Result: NOTE
Package which this enhances but not available for checking: ‘kmndirs’
Flavors: r-devel-linux-x86_64-debian-clang, r-devel-linux-x86_64-debian-gcc, r-devel-linux-x86_64-fedora-clang, r-devel-linux-x86_64-fedora-gcc, r-prerel-macos-arm64, r-prerel-windows-x86_64, r-patched-linux-x86_64, r-release-linux-x86_64, r-release-macos-arm64, r-release-macos-x86_64, r-release-windows-x86_64, r-oldrel-macos-arm64, r-oldrel-windows-x86_64
Version: 0.2-16
Check: dependencies in R code
Result: NOTE
Unavailable namespace imported from by a ':::' call: ‘kmndirs’
See the note in ?`:::` about the use of this operator.
Flavors: r-devel-linux-x86_64-debian-clang, r-devel-linux-x86_64-debian-gcc, r-devel-linux-x86_64-fedora-clang, r-devel-linux-x86_64-fedora-gcc, r-prerel-macos-arm64, r-prerel-windows-x86_64, r-patched-linux-x86_64, r-release-linux-x86_64, r-release-macos-arm64, r-release-macos-x86_64, r-release-windows-x86_64, r-oldrel-macos-arm64, r-oldrel-windows-x86_64