Last updated on 2023-05-29 01:57:03 CEST.
Flavor | Version | Tinstall | Tcheck | Ttotal | Status | Flags |
---|---|---|---|---|---|---|
r-devel-linux-x86_64-debian-clang | 1.3.0 | 215.97 | 182.29 | 398.26 | OK | |
r-devel-linux-x86_64-debian-gcc | 1.3.0 | 175.48 | 170.57 | 346.05 | OK | |
r-devel-linux-x86_64-fedora-clang | 1.3.0 | 548.90 | OK | |||
r-devel-linux-x86_64-fedora-gcc | 1.3.0 | 602.69 | OK | |||
r-devel-windows-x86_64 | 1.3.0 | 154.00 | 200.00 | 354.00 | OK | |
r-patched-linux-x86_64 | 1.3.0 | 174.07 | 219.42 | 393.49 | OK | |
r-release-linux-x86_64 | 1.3.0 | 188.75 | 226.66 | 415.41 | OK | |
r-release-macos-arm64 | 1.3.0 | 158.00 | NOTE | |||
r-release-macos-x86_64 | 1.3.0 | 255.00 | NOTE | |||
r-release-windows-x86_64 | 1.3.0 | 196.00 | 264.00 | 460.00 | OK | |
r-oldrel-macos-arm64 | 1.3.0 | 108.00 | NOTE | |||
r-oldrel-macos-x86_64 | 1.3.0 | 182.00 | NOTE | |||
r-oldrel-windows-x86_64 | 1.3.0 | 179.00 | 243.00 | 422.00 | OK |
Version: 1.3.0
Check: installed package size
Result: NOTE
installed size is 35.4Mb
sub-directories of 1Mb or more:
libs 34.4Mb
Flavors: r-release-macos-arm64, r-release-macos-x86_64, r-oldrel-macos-arm64, r-oldrel-macos-x86_64