Last updated on 2024-03-29 01:51:19 CET.
Flavor | Version | Tinstall | Tcheck | Ttotal | Status | Flags |
---|---|---|---|---|---|---|
r-devel-linux-x86_64-debian-clang | 1.4.3 | 9.84 | 109.88 | 119.72 | OK | |
r-devel-linux-x86_64-debian-gcc | 1.4.3 | 10.05 | 82.56 | 92.61 | OK | |
r-devel-linux-x86_64-fedora-clang | 1.4.3 | 163.54 | NOTE | |||
r-devel-linux-x86_64-fedora-gcc | 1.4.3 | 174.41 | NOTE | |||
r-devel-windows-x86_64 | 1.4.3 | 11.00 | 102.00 | 113.00 | OK | |
r-patched-linux-x86_64 | 1.4.3 | 8.14 | 109.05 | 117.19 | OK | |
r-release-linux-x86_64 | 1.4.3 | 7.47 | 105.19 | 112.66 | OK | |
r-release-macos-arm64 | 1.4.3 | 51.00 | OK | |||
r-release-macos-x86_64 | 1.4.3 | 81.00 | OK | |||
r-release-windows-x86_64 | 1.4.3 | 14.00 | 128.00 | 142.00 | OK | |
r-oldrel-macos-arm64 | 1.4.3 | 41.00 | NOTE | |||
r-oldrel-windows-x86_64 | 1.4.3 | 16.00 | 131.00 | 147.00 | OK |
Version: 1.4.3
Check: dependencies in R code
Result: NOTE
Namespace in Imports field not imported from: ‘maps’
All declared Imports should be used.
Flavors: r-devel-linux-x86_64-fedora-clang, r-devel-linux-x86_64-fedora-gcc, r-oldrel-macos-arm64