Last updated on 2025-05-09 01:50:19 CEST.
Flavor | Version | Tinstall | Tcheck | Ttotal | Status | Flags |
---|---|---|---|---|---|---|
r-devel-linux-x86_64-debian-clang | 1.0.0 | 17.54 | 252.41 | 269.95 | OK | |
r-devel-linux-x86_64-debian-gcc | 1.0.0 | 10.56 | 162.87 | 173.43 | OK | |
r-devel-linux-x86_64-fedora-clang | 1.0.0 | 447.85 | NOTE | |||
r-devel-linux-x86_64-fedora-gcc | 1.0.0 | 442.04 | NOTE | |||
r-devel-windows-x86_64 | 1.0.0 | 16.00 | 455.00 | 471.00 | OK | |
r-patched-linux-x86_64 | 1.0.0 | 15.63 | 240.64 | 256.27 | OK | |
r-release-linux-x86_64 | 1.0.0 | 14.37 | 238.80 | 253.17 | OK | |
r-release-macos-arm64 | 1.0.0 | 319.00 | OK | |||
r-release-macos-x86_64 | 1.0.0 | 444.00 | OK | |||
r-release-windows-x86_64 | 1.0.0 | 16.00 | 455.00 | 471.00 | OK | |
r-oldrel-macos-arm64 | 1.0.0 | 305.00 | OK | |||
r-oldrel-macos-x86_64 | 1.0.0 | 386.00 | OK | |||
r-oldrel-windows-x86_64 | 1.0.0 | 22.00 | 545.00 | 567.00 | OK |
Version: 1.0.0
Check: dependencies in R code
Result: NOTE
Namespaces in Imports field not imported from:
‘numDeriv’ ‘png’
All declared Imports should be used.
Flavors: r-devel-linux-x86_64-fedora-clang, r-devel-linux-x86_64-fedora-gcc