CRAN Package Check Results for Package slasso

Last updated on 2022-07-06 01:50:35 CEST.

Flavor Version Tinstall Tcheck Ttotal Status Flags
r-devel-linux-x86_64-debian-clang 1.0.0 65.80 57.38 123.18 OK
r-devel-linux-x86_64-debian-gcc 1.0.0 54.12 44.97 99.09 OK
r-devel-linux-x86_64-fedora-clang 1.0.0 198.43 NOTE
r-devel-linux-x86_64-fedora-gcc 1.0.0 188.74 NOTE
r-devel-windows-x86_64 1.0.0 66.00 101.00 167.00 OK
r-patched-linux-x86_64 1.0.0 61.46 59.59 121.05 OK
r-release-linux-x86_64 1.0.0 60.49 58.96 119.45 OK
r-release-macos-arm64 1.0.0 47.00 NOTE
r-release-macos-x86_64 1.0.0 77.00 NOTE
r-release-windows-x86_64 1.0.0 68.00 109.00 177.00 OK
r-oldrel-macos-arm64 1.0.0 57.00 NOTE
r-oldrel-macos-x86_64 1.0.0 68.00 NOTE
r-oldrel-windows-ix86+x86_64 1.0.0 222.00 434.00 656.00 NOTE

Check Details

Version: 1.0.0
Check: dependencies in R code
Result: NOTE
    Namespace in Imports field not imported from: ‘RcppArmadillo’
     All declared Imports should be used.
Flavors: r-devel-linux-x86_64-fedora-clang, r-devel-linux-x86_64-fedora-gcc, r-release-macos-arm64, r-release-macos-x86_64, r-oldrel-macos-arm64, r-oldrel-macos-x86_64

Version: 1.0.0
Check: installed package size
Result: NOTE
     installed size is 5.1Mb
     sub-directories of 1Mb or more:
     R 2.0Mb
     libs 2.0Mb
Flavor: r-oldrel-windows-ix86+x86_64