Last updated on 2024-04-20 01:50:13 CEST.
Flavor | Version | Tinstall | Tcheck | Ttotal | Status | Flags |
---|---|---|---|---|---|---|
r-devel-linux-x86_64-debian-clang | 0.6.0 | 4.12 | 65.97 | 70.09 | NOTE | |
r-devel-linux-x86_64-debian-gcc | 0.6.0 | NOTE | ||||
r-devel-linux-x86_64-fedora-clang | 0.6.0 | 95.88 | NOTE | |||
r-devel-linux-x86_64-fedora-gcc | 0.6.0 | 98.58 | NOTE | |||
r-prerel-macos-arm64 | 0.6.0 | 45.00 | NOTE | |||
r-prerel-windows-x86_64 | 0.6.0 | 6.00 | 78.00 | 84.00 | NOTE | |
r-patched-linux-x86_64 | 0.6.0 | 4.78 | 66.00 | 70.78 | NOTE | |
r-release-linux-x86_64 | 0.6.0 | 4.13 | 64.92 | 69.05 | OK | |
r-release-macos-arm64 | 0.6.0 | 50.00 | OK | |||
r-release-macos-x86_64 | 0.6.0 | 67.00 | OK | |||
r-release-windows-x86_64 | 0.6.0 | 6.00 | 86.00 | 92.00 | OK | |
r-oldrel-macos-arm64 | 0.6.0 | 39.00 | OK | |||
r-oldrel-windows-x86_64 | 0.6.0 | 8.00 | 91.00 | 99.00 | OK |
Version: 0.6.0
Check: Rd files
Result: NOTE
checkRd: (-1) nba_team_logo.Rd:22: Lost braces; missing escapes or markup?
22 | https://i.cdn.turner.com/nba/nba/.element/img/4.0/global/logos/512x512/bg.white/svg/{team_short_name}.svg
| ^
Flavors: r-devel-linux-x86_64-debian-clang, r-devel-linux-x86_64-debian-gcc, r-devel-linux-x86_64-fedora-clang, r-devel-linux-x86_64-fedora-gcc, r-prerel-macos-arm64, r-prerel-windows-x86_64, r-patched-linux-x86_64