Last updated on 2022-05-19 02:49:23 CEST.
Flavor | Version | Tinstall | Tcheck | Ttotal | Status | Flags |
---|---|---|---|---|---|---|
r-devel-linux-x86_64-debian-clang | 0.2.2 | 27.32 | 307.42 | 334.74 | OK | |
r-devel-linux-x86_64-debian-gcc | 0.2.2 | 21.53 | 228.99 | 250.52 | OK | |
r-devel-linux-x86_64-fedora-clang | 0.2.2 | 387.00 | NOTE | |||
r-devel-linux-x86_64-fedora-gcc | 0.2.2 | 389.89 | NOTE | |||
r-devel-windows-x86_64 | 0.2.2 | 30.00 | 294.00 | 324.00 | OK | |
r-patched-linux-x86_64 | 0.2.2 | 23.91 | 296.56 | 320.47 | OK | |
r-release-linux-x86_64 | 0.2.2 | 22.33 | 303.14 | 325.47 | OK | |
r-release-macos-arm64 | 0.2.2 | 80.00 | NOTE | |||
r-release-macos-x86_64 | 0.2.2 | 123.00 | NOTE | |||
r-release-windows-x86_64 | 0.2.2 | 34.00 | 291.00 | 325.00 | OK | |
r-oldrel-macos-arm64 | 0.2.2 | 50.00 | NOTE | |||
r-oldrel-macos-x86_64 | 0.2.2 | 61.00 | NOTE | |||
r-oldrel-windows-ix86+x86_64 | 0.2.2 | 57.00 | 295.00 | 352.00 | OK |
Version: 0.2.2
Check: dependencies in R code
Result: NOTE
Namespaces in Imports field not imported from:
‘methods’ ‘rgeos’
All declared Imports should be used.
Flavors: r-devel-linux-x86_64-fedora-clang, r-devel-linux-x86_64-fedora-gcc, r-release-macos-arm64, r-release-macos-x86_64, r-oldrel-macos-arm64, r-oldrel-macos-x86_64