Last updated on 2025-11-11 02:50:53 CET.
| Flavor | Version | Tinstall | Tcheck | Ttotal | Status | Flags |
|---|---|---|---|---|---|---|
| r-devel-linux-x86_64-debian-clang | 0.2 | 2.95 | 39.98 | 42.93 | OK | |
| r-devel-linux-x86_64-debian-gcc | 0.2 | 2.25 | 31.52 | 33.77 | OK | |
| r-devel-linux-x86_64-fedora-clang | 0.2 | 70.99 | NOTE | |||
| r-devel-linux-x86_64-fedora-gcc | 0.2 | 10.00 | 54.31 | 64.31 | NOTE | |
| r-devel-windows-x86_64 | 0.2 | 6.00 | 59.00 | 65.00 | OK | |
| r-patched-linux-x86_64 | 0.2 | 4.21 | 37.82 | 42.03 | OK | |
| r-release-linux-x86_64 | 0.2 | 3.79 | 37.64 | 41.43 | OK | |
| r-release-macos-arm64 | 0.2 | 2.00 | 21.00 | 23.00 | OK | |
| r-release-macos-x86_64 | 0.2 | 3.00 | 37.00 | 40.00 | OK | |
| r-release-windows-x86_64 | 0.2 | 5.00 | 60.00 | 65.00 | OK | |
| r-oldrel-macos-arm64 | 0.2 | 2.00 | 26.00 | 28.00 | OK | |
| r-oldrel-macos-x86_64 | 0.2 | 3.00 | 51.00 | 54.00 | OK | |
| r-oldrel-windows-x86_64 | 0.2 | 7.00 | 68.00 | 75.00 | OK |
Version: 0.2
Check: dependencies in R code
Result: NOTE
Namespace in Imports field not imported from: ‘MASS’
All declared Imports should be used.
Flavors: r-devel-linux-x86_64-fedora-clang, r-devel-linux-x86_64-fedora-gcc