CRAN Package Check Results for Package sna

Last updated on 2020-04-03 07:52:59 CEST.

Flavor Version Tinstall Tcheck Ttotal Status Flags
r-devel-linux-x86_64-debian-clang 2.5 26.78 129.90 156.68 OK
r-devel-linux-x86_64-debian-gcc 2.5 20.86 96.39 117.25 OK
r-devel-linux-x86_64-fedora-clang 2.5 181.55 OK
r-devel-linux-x86_64-fedora-gcc 2.5 179.66 OK
r-devel-windows-ix86+x86_64 2.5 45.00 165.00 210.00 OK
r-devel-windows-ix86+x86_64-gcc8 2.5 45.00 182.00 227.00 OK
r-patched-linux-x86_64 2.5 23.11 125.94 149.05 OK
r-patched-solaris-x86 2.5 230.30 OK
r-release-linux-x86_64 2.5 21.78 118.57 140.35 OK
r-release-windows-ix86+x86_64 2.5 50.00 228.00 278.00 OK
r-release-osx-x86_64 2.5 NOTE
r-oldrel-windows-ix86+x86_64 2.5 57.00 152.00 209.00 OK
r-oldrel-osx-x86_64 2.5 NOTE

Check Details

Version: 2.5
Check: dependencies in R code
Result: NOTE
    No protocol specified
Flavors: r-release-osx-x86_64, r-oldrel-osx-x86_64