Last updated on 2024-03-28 01:54:11 CET.
Flavor | Version | Tinstall | Tcheck | Ttotal | Status | Flags |
---|---|---|---|---|---|---|
r-devel-linux-x86_64-debian-clang | 1.84-6.3 | 3.21 | 36.63 | 39.84 | OK | |
r-devel-linux-x86_64-debian-gcc | 1.84-6.3 | 3.04 | 27.90 | 30.94 | OK | |
r-devel-linux-x86_64-fedora-clang | 1.84-6.3 | 50.90 | OK | |||
r-devel-linux-x86_64-fedora-gcc | 1.84-6.3 | 60.20 | OK | |||
r-devel-windows-x86_64 | 1.84-6.3 | 3.00 | 62.00 | 65.00 | OK | |
r-patched-linux-x86_64 | 1.84-6.3 | 4.10 | 34.93 | 39.03 | OK | |
r-release-linux-x86_64 | 1.84-6.3 | 2.58 | 35.01 | 37.59 | OK | |
r-release-macos-arm64 | 1.84-6.3 | 51.00 | NOTE | |||
r-release-macos-x86_64 | 1.84-6.3 | 100.00 | NOTE | |||
r-release-windows-x86_64 | 1.84-6.3 | 4.00 | 60.00 | 64.00 | OK | |
r-oldrel-macos-arm64 | 1.84-6.3 | 42.00 | NOTE | |||
r-oldrel-windows-x86_64 | 1.84-6.3 | 7.00 | 60.00 | 67.00 | OK |
Version: 1.84-6.3
Check: package dependencies
Result: NOTE
Package suggested but not available for checking: ‘Rmpi’
Flavors: r-release-macos-arm64, r-release-macos-x86_64, r-oldrel-macos-arm64