CRAN Package Check Results for Package sobolnp

Last updated on 2022-08-09 01:55:01 CEST.

Flavor Version Tinstall Tcheck Ttotal Status Flags
r-devel-linux-x86_64-debian-clang 0.1.0 7.08 106.29 113.37 NOTE
r-devel-linux-x86_64-debian-gcc 0.1.0 7.94 79.12 87.06 NOTE
r-devel-linux-x86_64-fedora-clang 0.1.0 142.89 NOTE
r-devel-linux-x86_64-fedora-gcc 0.1.0 143.64 NOTE
r-devel-windows-x86_64 0.1.0 12.00 125.00 137.00 NOTE
r-patched-linux-x86_64 0.1.0 9.40 98.72 108.12 NOTE
r-release-linux-x86_64 0.1.0 NOTE
r-release-macos-arm64 0.1.0 60.00 NOTE
r-release-macos-x86_64 0.1.0 56.00 NOTE
r-release-windows-x86_64 0.1.0 14.00 121.00 135.00 NOTE
r-oldrel-macos-arm64 0.1.0 44.00 NOTE
r-oldrel-macos-x86_64 0.1.0 68.00 NOTE
r-oldrel-windows-ix86+x86_64 0.1.0 21.00 118.00 139.00 NOTE

Check Details

Version: 0.1.0
Check: LazyData
Result: NOTE
     'LazyData' is specified without a 'data' directory
Flavors: r-devel-linux-x86_64-debian-clang, r-devel-linux-x86_64-debian-gcc, r-devel-linux-x86_64-fedora-clang, r-devel-linux-x86_64-fedora-gcc, r-devel-windows-x86_64, r-patched-linux-x86_64, r-release-linux-x86_64, r-release-macos-arm64, r-release-macos-x86_64, r-release-windows-x86_64, r-oldrel-macos-arm64, r-oldrel-macos-x86_64, r-oldrel-windows-ix86+x86_64