Last updated on 2024-04-18 01:55:35 CEST.
Flavor | Version | Tinstall | Tcheck | Ttotal | Status | Flags |
---|---|---|---|---|---|---|
r-devel-linux-x86_64-debian-clang | 1.2 | 3.19 | 29.99 | 33.18 | NOTE | |
r-devel-linux-x86_64-debian-gcc | 1.2 | 3.23 | 23.11 | 26.34 | NOTE | |
r-devel-linux-x86_64-fedora-clang | 1.2 | 42.57 | NOTE | |||
r-devel-linux-x86_64-fedora-gcc | 1.2 | 39.81 | NOTE | |||
r-prerel-macos-arm64 | 1.2 | 20.00 | NOTE | |||
r-prerel-windows-x86_64 | 1.2 | 6.00 | 48.00 | 54.00 | NOTE | |
r-patched-linux-x86_64 | 1.2 | 4.75 | 28.86 | 33.61 | NOTE | |
r-release-linux-x86_64 | 1.2 | 3.50 | 29.42 | 32.92 | OK | |
r-release-macos-arm64 | 1.2 | 21.00 | OK | |||
r-release-macos-x86_64 | 1.2 | 25.00 | OK | |||
r-release-windows-x86_64 | 1.2 | 7.00 | 50.00 | 57.00 | OK | |
r-oldrel-macos-arm64 | 1.2 | 18.00 | OK | |||
r-oldrel-windows-x86_64 | 1.2 | 8.00 | 51.00 | 59.00 | OK |
Version: 1.2
Check: Rd files
Result: NOTE
checkRd: (-1) preg2.Rd:8: Lost braces
8 | An object of class \\code{tbl_df} (inherits from \\code{tbl}, \\code{data.frame}) with 2 rows and 4 columns.
| ^
checkRd: (-1) preg2.Rd:8: Lost braces
8 | An object of class \\code{tbl_df} (inherits from \\code{tbl}, \\code{data.frame}) with 2 rows and 4 columns.
| ^
checkRd: (-1) preg2.Rd:8: Lost braces
8 | An object of class \\code{tbl_df} (inherits from \\code{tbl}, \\code{data.frame}) with 2 rows and 4 columns.
| ^
Flavors: r-devel-linux-x86_64-debian-clang, r-devel-linux-x86_64-debian-gcc, r-devel-linux-x86_64-fedora-clang, r-devel-linux-x86_64-fedora-gcc, r-prerel-macos-arm64, r-prerel-windows-x86_64, r-patched-linux-x86_64