CRAN Package Check Results for Package softImpute

Last updated on 2025-05-05 01:51:04 CEST.

Flavor Version Tinstall Tcheck Ttotal Status Flags
r-devel-linux-x86_64-debian-clang 1.4-1 9.89 67.25 77.14 NOTE
r-devel-linux-x86_64-debian-gcc 1.4-1 8.02 50.06 58.08 NOTE
r-devel-linux-x86_64-fedora-clang 1.4-1 120.43 OK
r-devel-linux-x86_64-fedora-gcc 1.4-1 136.07 OK
r-devel-windows-x86_64 1.4-1 13.00 81.00 94.00 NOTE
r-patched-linux-x86_64 1.4-1 10.01 65.02 75.03 NOTE
r-release-linux-x86_64 1.4-1 10.49 64.62 75.11 NOTE
r-release-macos-arm64 1.4-1 54.00 OK
r-release-macos-x86_64 1.4-1 89.00 OK
r-release-windows-x86_64 1.4-1 12.00 79.00 91.00 NOTE
r-oldrel-macos-arm64 1.4-1 43.00 OK
r-oldrel-macos-x86_64 1.4-1 69.00 OK
r-oldrel-windows-x86_64 1.4-1 16.00 101.00 117.00 OK

Check Details

Version: 1.4-1
Check: CRAN incoming feasibility
Result: NOTE Maintainer: ‘Trevor Hastie <hastie@stanford.edu>’ No Authors@R field in DESCRIPTION. Please add one, modifying Authors@R: c(person(given = "Trevor", family = "Hastie", role = c("aut", "cre"), email = "hastie@stanford.edu"), person(given = "Rahul", family = "Mazumder", role = "aut", email = "rahul.mazumder@gmail.com")) as necessary. Flavors: r-devel-linux-x86_64-debian-clang, r-devel-linux-x86_64-debian-gcc

Version: 1.4-1
Check: Rd cross-references
Result: NOTE Found the following Rd file(s) with Rd \link{} targets missing package anchors: Incomplete-class.Rd: dgCMatrix-class, CsparseMatrix-class, dsparseMatrix-class, generalMatrix-class, dMatrix-class, sparseMatrix-class, compMatrix-class, Matrix-class Please provide package anchors for all Rd \link{} targets not in the package itself and the base packages. Flavors: r-devel-linux-x86_64-debian-clang, r-devel-linux-x86_64-debian-gcc, r-devel-windows-x86_64, r-patched-linux-x86_64, r-release-linux-x86_64, r-release-windows-x86_64