Last updated on 2025-04-30 02:50:52 CEST.
Flavor | Version | Tinstall | Tcheck | Ttotal | Status | Flags |
---|---|---|---|---|---|---|
r-devel-linux-x86_64-debian-clang | 0.3.0 | 63.96 | 429.22 | 493.18 | OK | |
r-devel-linux-x86_64-debian-gcc | 0.3.0 | 45.83 | 287.68 | 333.51 | NOTE | |
r-devel-linux-x86_64-fedora-clang | 0.3.0 | 810.58 | OK | |||
r-devel-linux-x86_64-fedora-gcc | 0.3.0 | 756.88 | OK | |||
r-devel-windows-x86_64 | 0.3.0 | 51.00 | 390.00 | 441.00 | OK | |
r-patched-linux-x86_64 | 0.3.0 | 63.55 | 405.68 | 469.23 | OK | |
r-release-linux-x86_64 | 0.3.0 | 58.81 | 402.97 | 461.78 | OK | |
r-release-macos-arm64 | 0.3.0 | 233.00 | OK | |||
r-release-macos-x86_64 | 0.3.0 | 384.00 | OK | |||
r-release-windows-x86_64 | 0.3.0 | 50.00 | 341.00 | 391.00 | OK | |
r-oldrel-macos-arm64 | 0.3.0 | 249.00 | OK | |||
r-oldrel-macos-x86_64 | 0.3.0 | 405.00 | OK | |||
r-oldrel-windows-x86_64 | 0.3.0 | 68.00 | 441.00 | 509.00 | OK |
Version: 0.3.0
Check: examples
Result: NOTE
Examples with CPU (user + system) or elapsed time > 5s
user system elapsed
PHharm_Info 0.071 0.028 7.78
Flavor: r-devel-linux-x86_64-debian-gcc