Last updated on 2022-07-03 01:49:05 CEST.
Flavor | Version | Tinstall | Tcheck | Ttotal | Status | Flags |
---|---|---|---|---|---|---|
r-devel-linux-x86_64-debian-clang | 1.2.0 | 10.55 | 78.93 | 89.48 | OK | |
r-devel-linux-x86_64-debian-gcc | 1.2.0 | 7.65 | 57.24 | 64.89 | OK | |
r-devel-linux-x86_64-fedora-clang | 1.2.0 | 113.05 | NOTE | |||
r-devel-linux-x86_64-fedora-gcc | 1.2.0 | 110.88 | OK | |||
r-devel-windows-x86_64 | 1.2.0 | 68.00 | 142.00 | 210.00 | OK | |
r-patched-linux-x86_64 | 1.2.0 | 9.76 | 72.90 | 82.66 | OK | |
r-release-linux-x86_64 | 1.2.0 | 7.98 | 73.09 | 81.07 | OK | |
r-release-macos-arm64 | 1.2.0 | 36.00 | OK | |||
r-release-macos-x86_64 | 1.2.0 | 66.00 | OK | |||
r-release-windows-x86_64 | 1.2.0 | 75.00 | 145.00 | 220.00 | OK | |
r-oldrel-macos-arm64 | 1.2.0 | 37.00 | OK | |||
r-oldrel-macos-x86_64 | 1.2.0 | 78.00 | OK | |||
r-oldrel-windows-ix86+x86_64 | 1.2.0 | 21.00 | 115.00 | 136.00 | OK |
Version: 1.2.0
Check: Rd cross-references
Result: NOTE
Undeclared package ‘XML’ in Rd xrefs
Flavor: r-devel-linux-x86_64-fedora-clang