Last updated on 2024-08-16 01:48:30 CEST.
Flavor | Version | Tinstall | Tcheck | Ttotal | Status | Flags |
---|---|---|---|---|---|---|
r-devel-linux-x86_64-debian-clang | 2.14.0 | 3.66 | 32.51 | 36.17 | NOTE | |
r-devel-linux-x86_64-debian-gcc | 2.14.0 | 2.30 | 24.64 | 26.94 | NOTE | |
r-devel-linux-x86_64-fedora-clang | 2.14.0 | 56.86 | NOTE | |||
r-devel-linux-x86_64-fedora-gcc | 2.14.0 | 54.74 | NOTE | |||
r-devel-windows-x86_64 | 2.14.0 | 5.00 | 70.00 | 75.00 | NOTE | |
r-patched-linux-x86_64 | 2.14.0 | 5.00 | 30.29 | 35.29 | NOTE | |
r-release-linux-x86_64 | 2.14.0 | 3.52 | 30.98 | 34.50 | NOTE | |
r-release-macos-arm64 | 2.14.0 | 20.00 | NOTE | |||
r-release-macos-x86_64 | 2.14.0 | 30.00 | NOTE | |||
r-release-windows-x86_64 | 2.14.0 | 5.00 | 70.00 | 75.00 | NOTE | |
r-oldrel-macos-arm64 | 2.14.0 | 22.00 | NOTE | |||
r-oldrel-macos-x86_64 | 2.14.0 | 30.00 | NOTE | |||
r-oldrel-windows-x86_64 | 2.14.0 | 6.00 | 75.00 | 81.00 | NOTE |
Version: 2.14.0
Check: dependencies in R code
Result: NOTE
There are ::: calls to the package's namespace in its code. A package
almost never needs to use ::: for its own objects:
‘.solveEnv’
Flavors: r-devel-linux-x86_64-debian-clang, r-devel-linux-x86_64-debian-gcc, r-devel-linux-x86_64-fedora-clang, r-devel-linux-x86_64-fedora-gcc, r-devel-windows-x86_64, r-patched-linux-x86_64, r-release-linux-x86_64, r-release-macos-arm64, r-release-macos-x86_64, r-release-windows-x86_64, r-oldrel-macos-arm64, r-oldrel-macos-x86_64, r-oldrel-windows-x86_64