Last updated on 2024-03-28 01:54:11 CET.
Flavor | Version | Tinstall | Tcheck | Ttotal | Status | Flags |
---|---|---|---|---|---|---|
r-devel-linux-x86_64-debian-clang | 1.1.0 | 4.27 | 59.92 | 64.19 | NOTE | |
r-devel-linux-x86_64-debian-gcc | 1.1.0 | 4.51 | 45.26 | 49.77 | NOTE | |
r-devel-linux-x86_64-fedora-clang | 1.1.0 | 81.83 | NOTE | |||
r-devel-linux-x86_64-fedora-gcc | 1.1.0 | 81.11 | NOTE | |||
r-devel-windows-x86_64 | 1.1.0 | 5.00 | 69.00 | 74.00 | NOTE | |
r-patched-linux-x86_64 | 1.1.0 | 4.30 | 61.39 | 65.69 | NOTE | |
r-release-linux-x86_64 | 1.1.0 | 5.29 | 63.29 | 68.58 | NOTE | |
r-release-macos-arm64 | 1.1.0 | 25.00 | NOTE | |||
r-release-macos-x86_64 | 1.1.0 | 43.00 | NOTE | |||
r-release-windows-x86_64 | 1.1.0 | 7.00 | 77.00 | 84.00 | NOTE | |
r-oldrel-macos-arm64 | 1.1.0 | 31.00 | NOTE | |||
r-oldrel-windows-x86_64 | 1.1.0 | 7.00 | 74.00 | 81.00 | NOTE |
Version: 1.1.0
Check: Rd \usage sections
Result: NOTE
Documented arguments not in \usage in Rd file 'som.nn.do.train.Rd':
‘model’
Documented arguments not in \usage in Rd file 'som.nn.som.internal.Rd':
‘rlen’
Functions with \usage entries need to have the appropriate \alias
entries, and all their arguments documented.
The \usage entries must correspond to syntactically valid R code.
See chapter ‘Writing R documentation files’ in the ‘Writing R
Extensions’ manual.
S3 methods shown with full name in Rd file 'plot.predictions.Rd':
‘plot.predictions’
The \usage entries for S3 methods should use the \method markup and not
their full name.
See chapter ‘Writing R documentation files’ in the ‘Writing R
Extensions’ manual.
Flavors: r-devel-linux-x86_64-debian-clang, r-devel-linux-x86_64-debian-gcc, r-devel-linux-x86_64-fedora-clang, r-devel-linux-x86_64-fedora-gcc, r-devel-windows-x86_64
Version: 1.1.0
Check: LazyData
Result: NOTE
'LazyData' is specified without a 'data' directory
Flavors: r-devel-linux-x86_64-debian-clang, r-devel-linux-x86_64-debian-gcc, r-devel-linux-x86_64-fedora-clang, r-devel-linux-x86_64-fedora-gcc, r-devel-windows-x86_64, r-patched-linux-x86_64, r-release-linux-x86_64, r-release-macos-arm64, r-release-macos-x86_64, r-release-windows-x86_64, r-oldrel-macos-arm64, r-oldrel-windows-x86_64
Version: 1.1.0
Check: Rd \usage sections
Result: NOTE
S3 methods shown with full name in documentation object 'plot.predictions':
‘plot.predictions’
The \usage entries for S3 methods should use the \method markup and not
their full name.
See chapter ‘Writing R documentation files’ in the ‘Writing R
Extensions’ manual.
Flavors: r-patched-linux-x86_64, r-release-linux-x86_64, r-release-macos-arm64, r-release-macos-x86_64, r-release-windows-x86_64