Last updated on 2025-10-31 01:49:14 CET.
| Flavor | Version | Tinstall | Tcheck | Ttotal | Status | Flags | 
|---|---|---|---|---|---|---|
| r-devel-linux-x86_64-debian-clang | 1.4.1.1 | 2.82 | 30.25 | 33.07 | NOTE | |
| r-devel-linux-x86_64-debian-gcc | 1.4.1.1 | 2.29 | 23.57 | 25.86 | NOTE | |
| r-devel-linux-x86_64-fedora-clang | 1.4.1.1 | 50.52 | OK | |||
| r-devel-linux-x86_64-fedora-gcc | 1.4.1.1 | 47.64 | OK | |||
| r-devel-windows-x86_64 | 1.4.1.1 | 4.00 | 53.00 | 57.00 | OK | |
| r-patched-linux-x86_64 | 1.4.1.1 | 2.86 | 28.85 | 31.71 | OK | |
| r-release-linux-x86_64 | 1.4.1.1 | 3.34 | 28.70 | 32.04 | OK | |
| r-release-macos-arm64 | 1.4.1.1 | 1.00 | 17.00 | 18.00 | OK | |
| r-release-macos-x86_64 | 1.4.1.1 | 3.00 | 34.00 | 37.00 | OK | |
| r-release-windows-x86_64 | 1.4.1.1 | 5.00 | 62.00 | 67.00 | OK | |
| r-oldrel-macos-arm64 | 1.4.1.1 | 2.00 | 17.00 | 19.00 | OK | |
| r-oldrel-macos-x86_64 | 1.4.1.1 | 2.00 | 26.00 | 28.00 | OK | |
| r-oldrel-windows-x86_64 | 1.4.1.1 | 5.00 | 53.00 | 58.00 | OK | 
Version: 1.4.1.1
Check: CRAN incoming feasibility
Result: NOTE
  Maintainer: ‘livio finos <livio@stat.unipd.it>’
  
  No Authors@R field in DESCRIPTION.
  Please add one, modifying
    Authors@R: person(given = "livio",
                      family = "finos",
                      role = c("aut", "cre"),
                      email = "livio@stat.unipd.it")
  as necessary.
Flavors: r-devel-linux-x86_64-debian-clang, r-devel-linux-x86_64-debian-gcc