CRAN Package Check Results for Package sommer

Last updated on 2022-05-25 02:52:31 CEST.

Flavor Version Tinstall Tcheck Ttotal Status Flags
r-devel-linux-x86_64-debian-clang 4.1.6 86.61 172.78 259.39 OK --no-vignettes
r-devel-linux-x86_64-debian-gcc 4.1.6 69.19 128.57 197.76 OK --no-vignettes
r-devel-linux-x86_64-fedora-clang 4.1.6 328.98 NOTE --no-vignettes
r-devel-linux-x86_64-fedora-gcc 4.1.6 300.93 OK --no-vignettes
r-devel-windows-x86_64 4.1.6 98.00 184.00 282.00 NOTE --no-vignettes
r-patched-linux-x86_64 4.1.6 72.54 162.41 234.95 OK --no-vignettes
r-release-linux-x86_64 4.1.6 OK --no-vignettes
r-release-macos-arm64 4.1.6 470.00 NOTE
r-release-macos-x86_64 4.1.6 561.00 NOTE
r-release-windows-x86_64 4.1.6 97.00 183.00 280.00 NOTE --no-vignettes
r-oldrel-macos-arm64 4.1.6 356.00 NOTE
r-oldrel-macos-x86_64 4.1.6 559.00 NOTE
r-oldrel-windows-ix86+x86_64 4.1.6 177.00 252.00 429.00 NOTE --no-vignettes

Check Details

Version: 4.1.6
Flags: --no-vignettes
Check: installed package size
Result: NOTE
     installed size is 9.9Mb
     sub-directories of 1Mb or more:
     data 1.4Mb
     doc 2.4Mb
     libs 5.2Mb
Flavors: r-devel-linux-x86_64-fedora-clang, r-devel-windows-x86_64, r-release-windows-x86_64, r-oldrel-windows-ix86+x86_64

Version: 4.1.6
Check: installed package size
Result: NOTE
     installed size is 11.7Mb
     sub-directories of 1Mb or more:
     data 1.4Mb
     doc 2.4Mb
     libs 6.9Mb
Flavors: r-release-macos-arm64, r-release-macos-x86_64, r-oldrel-macos-arm64, r-oldrel-macos-x86_64