Last updated on 2024-03-29 01:51:19 CET.
Flavor | Version | Tinstall | Tcheck | Ttotal | Status | Flags |
---|---|---|---|---|---|---|
r-devel-linux-x86_64-debian-clang | 0.8.21 | 11.54 | 102.95 | 114.49 | NOTE | |
r-devel-linux-x86_64-debian-gcc | 0.8.21 | 8.60 | 80.97 | 89.57 | NOTE | |
r-devel-linux-x86_64-fedora-clang | 0.8.21 | 148.30 | NOTE | |||
r-devel-linux-x86_64-fedora-gcc | 0.8.21 | 151.83 | NOTE | |||
r-devel-windows-x86_64 | 0.8.21 | 11.00 | 89.00 | 100.00 | NOTE | |
r-patched-linux-x86_64 | 0.8.21 | 7.58 | 101.45 | 109.03 | NOTE | |
r-release-linux-x86_64 | 0.8.21 | 6.23 | 101.36 | 107.59 | OK | |
r-release-macos-arm64 | 0.8.21 | 50.00 | OK | |||
r-release-macos-x86_64 | 0.8.21 | 111.00 | OK | |||
r-release-windows-x86_64 | 0.8.21 | 13.00 | 109.00 | 122.00 | OK | |
r-oldrel-macos-arm64 | 0.8.21 | 47.00 | OK | |||
r-oldrel-windows-x86_64 | 0.8.21 | 13.00 | 109.00 | 122.00 | OK |
Version: 0.8.21
Check: Rd files
Result: NOTE
checkRd: (-1) load_sorvi_data.Rd:23: Lost braces in \itemize; meant \describe ?
Flavors: r-devel-linux-x86_64-debian-clang, r-devel-linux-x86_64-debian-gcc, r-devel-linux-x86_64-fedora-clang, r-devel-linux-x86_64-fedora-gcc, r-devel-windows-x86_64, r-patched-linux-x86_64
Version: 0.8.21
Check: data for non-ASCII characters
Result: NOTE
Note: found 1245 marked UTF-8 strings
Flavors: r-devel-linux-x86_64-fedora-clang, r-devel-linux-x86_64-fedora-gcc