Last updated on 2025-10-25 01:51:17 CEST.
| Flavor | Version | Tinstall | Tcheck | Ttotal | Status | Flags |
|---|---|---|---|---|---|---|
| r-devel-linux-x86_64-debian-clang | 1.1.9 | 387.55 | 78.76 | 466.31 | OK | |
| r-devel-linux-x86_64-debian-gcc | 1.1.9 | 261.94 | 53.35 | 315.29 | OK | |
| r-devel-linux-x86_64-fedora-clang | 1.1.9 | 900.00 | -15.39 | 884.61 | OK | |
| r-devel-linux-x86_64-fedora-gcc | 1.1.9 | 486.00 | 365.27 | 851.27 | OK | |
| r-devel-windows-x86_64 | 1.1.9 | 396.00 | 135.00 | 531.00 | OK | |
| r-patched-linux-x86_64 | 1.1.9 | 395.15 | 74.62 | 469.77 | OK | |
| r-release-linux-x86_64 | 1.1.9 | 390.99 | 74.62 | 465.61 | OK | |
| r-release-macos-arm64 | 1.1.9 | 126.00 | 35.00 | 161.00 | OK | |
| r-release-macos-x86_64 | 1.1.9 | 114.00 | 64.00 | 178.00 | OK | |
| r-release-windows-x86_64 | 1.1.9 | 402.00 | 146.00 | 548.00 | OK | |
| r-oldrel-macos-arm64 | 1.1.9 | 119.00 | 37.00 | 156.00 | NOTE | |
| r-oldrel-macos-x86_64 | 1.1.9 | 120.00 | 69.00 | 189.00 | NOTE | |
| r-oldrel-windows-x86_64 | 1.1.9 | 469.00 | 159.00 | 628.00 | OK |
Version: 1.1.9
Check: installed package size
Result: NOTE
installed size is 25.4Mb
sub-directories of 1Mb or more:
libs 24.6Mb
Flavors: r-oldrel-macos-arm64, r-oldrel-macos-x86_64