Last updated on 2024-04-24 01:52:27 CEST.
Flavor | Version | Tinstall | Tcheck | Ttotal | Status | Flags |
---|---|---|---|---|---|---|
r-devel-linux-x86_64-debian-clang | 1.3 | 279.41 | 290.73 | 570.14 | OK | |
r-devel-linux-x86_64-debian-gcc | 1.3 | 212.57 | 233.69 | 446.26 | OK | |
r-devel-linux-x86_64-fedora-clang | 1.3 | 783.52 | OK | |||
r-devel-linux-x86_64-fedora-gcc | 1.3 | 795.95 | OK | |||
r-prerel-macos-arm64 | 1.3 | 233.00 | NOTE | |||
r-prerel-windows-x86_64 | 1.3 | 206.00 | 273.00 | 479.00 | OK | |
r-patched-linux-x86_64 | 1.3 | 249.19 | 288.62 | 537.81 | OK | |
r-release-linux-x86_64 | 1.3 | 257.79 | 291.96 | 549.75 | OK | |
r-release-macos-arm64 | 1.3 | 267.00 | NOTE | |||
r-release-macos-x86_64 | 1.3 | 366.00 | NOTE | |||
r-release-windows-x86_64 | 1.3 | 261.00 | 363.00 | 624.00 | OK | |
r-oldrel-macos-arm64 | 1.3 | 221.00 | NOTE | |||
r-oldrel-windows-x86_64 | 1.3 | 252.00 | 318.00 | 570.00 | OK |
Version: 1.3
Check: installed package size
Result: NOTE
installed size is 8.8Mb
sub-directories of 1Mb or more:
libs 8.1Mb
Flavors: r-prerel-macos-arm64, r-release-macos-arm64, r-release-macos-x86_64, r-oldrel-macos-arm64