CRAN Package Check Results for Package spFSR

Last updated on 2022-07-02 01:49:08 CEST.

Flavor Version Tinstall Tcheck Ttotal Status Flags
r-devel-linux-x86_64-debian-clang 1.0.0 10.36 123.19 133.55 NOTE
r-devel-linux-x86_64-debian-gcc 1.0.0 9.37 92.39 101.76 NOTE
r-devel-linux-x86_64-fedora-clang 1.0.0 162.72 NOTE
r-devel-linux-x86_64-fedora-gcc 1.0.0 163.85 NOTE
r-devel-windows-x86_64 1.0.0 18.00 170.00 188.00 NOTE
r-patched-linux-x86_64 1.0.0 11.62 115.35 126.97 NOTE
r-release-linux-x86_64 1.0.0 10.76 113.77 124.53 NOTE
r-release-macos-arm64 1.0.0 68.00 NOTE
r-release-macos-x86_64 1.0.0 116.00 NOTE
r-release-windows-x86_64 1.0.0 17.00 174.00 191.00 NOTE
r-oldrel-macos-arm64 1.0.0 79.00 NOTE
r-oldrel-macos-x86_64 1.0.0 115.00 NOTE
r-oldrel-windows-ix86+x86_64 1.0.0 27.00 175.00 202.00 NOTE

Check Details

Version: 1.0.0
Check: LazyData
Result: NOTE
     'LazyData' is specified without a 'data' directory
Flavors: r-devel-linux-x86_64-debian-clang, r-devel-linux-x86_64-debian-gcc, r-devel-linux-x86_64-fedora-clang, r-devel-linux-x86_64-fedora-gcc, r-devel-windows-x86_64, r-patched-linux-x86_64, r-release-linux-x86_64, r-release-macos-arm64, r-release-macos-x86_64, r-release-windows-x86_64, r-oldrel-macos-arm64, r-oldrel-macos-x86_64, r-oldrel-windows-ix86+x86_64

Version: 1.0.0
Check: dependencies in R code
Result: NOTE
    Namespaces in Imports field not imported from:
     ‘class’ ‘mlbench’
     All declared Imports should be used.
Flavors: r-devel-linux-x86_64-fedora-clang, r-devel-linux-x86_64-fedora-gcc, r-release-macos-arm64, r-release-macos-x86_64, r-oldrel-macos-arm64, r-oldrel-macos-x86_64