Last updated on 2025-07-04 01:50:11 CEST.
Flavor | Version | Tinstall | Tcheck | Ttotal | Status | Flags |
---|---|---|---|---|---|---|
r-devel-linux-x86_64-debian-clang | 0.8.0 | 156.96 | 359.40 | 516.36 | OK | |
r-devel-linux-x86_64-debian-gcc | 0.8.0 | 103.13 | 216.86 | 319.99 | OK | |
r-devel-linux-x86_64-fedora-clang | 0.8.0 | 846.70 | OK | |||
r-devel-linux-x86_64-fedora-gcc | 0.8.0 | 786.71 | OK | |||
r-devel-windows-x86_64 | 0.8.0 | 156.00 | 337.00 | 493.00 | OK | |
r-patched-linux-x86_64 | 0.8.0 | 158.01 | 332.31 | 490.32 | OK | |
r-release-linux-x86_64 | 0.8.0 | 146.49 | 330.73 | 477.22 | OK | |
r-release-macos-arm64 | 0.8.0 | 182.00 | OK | |||
r-release-macos-x86_64 | 0.8.0 | 368.00 | OK | |||
r-release-windows-x86_64 | 0.8.0 | 162.00 | 349.00 | 511.00 | OK | |
r-oldrel-macos-arm64 | 0.8.0 | 174.00 | NOTE | |||
r-oldrel-macos-x86_64 | 0.8.0 | 320.00 | NOTE | |||
r-oldrel-windows-x86_64 | 0.8.0 | 211.00 | 431.00 | 642.00 | OK |
Version: 0.8.0
Check: installed package size
Result: NOTE
installed size is 6.6Mb
sub-directories of 1Mb or more:
R 2.0Mb
libs 3.2Mb
Flavors: r-oldrel-macos-arm64, r-oldrel-macos-x86_64