CRAN Package Check Results for Package sparklyr.nested

Last updated on 2022-01-19 01:47:48 CET.

Flavor Version Tinstall Tcheck Ttotal Status Flags
r-devel-linux-x86_64-debian-clang 0.0.3 6.63 67.03 73.66 NOTE
r-devel-linux-x86_64-debian-gcc 0.0.3 5.93 51.40 57.33 NOTE
r-devel-linux-x86_64-fedora-clang 0.0.3 92.69 NOTE
r-devel-linux-x86_64-fedora-gcc 0.0.3 75.68 NOTE
r-devel-windows-x86_64-new-UL 0.0.3 55.00 86.00 141.00 NOTE
r-devel-windows-x86_64-new-TK 0.0.3 NOTE
r-patched-linux-x86_64 0.0.3 6.49 62.79 69.28 NOTE
r-release-linux-x86_64 0.0.3 NOTE
r-release-macos-arm64 0.0.3 NOTE
r-release-macos-x86_64 0.0.3 NOTE
r-release-windows-ix86+x86_64 0.0.3 16.00 80.00 96.00 NOTE
r-oldrel-macos-x86_64 0.0.3 OK
r-oldrel-windows-ix86+x86_64 0.0.3 17.00 101.00 118.00 OK

Check Details

Version: 0.0.3
Check: LazyData
Result: NOTE
     'LazyData' is specified without a 'data' directory
Flavors: r-devel-linux-x86_64-debian-clang, r-devel-linux-x86_64-debian-gcc, r-devel-linux-x86_64-fedora-clang, r-devel-linux-x86_64-fedora-gcc, r-devel-windows-x86_64-new-UL, r-devel-windows-x86_64-new-TK, r-patched-linux-x86_64, r-release-linux-x86_64, r-release-macos-arm64, r-release-macos-x86_64, r-release-windows-ix86+x86_64