Last updated on 2024-04-18 01:55:35 CEST.
Flavor | Version | Tinstall | Tcheck | Ttotal | Status | Flags |
---|---|---|---|---|---|---|
r-devel-linux-x86_64-debian-clang | 0.1.6 | 24.69 | 66.37 | 91.06 | NOTE | |
r-devel-linux-x86_64-debian-gcc | 0.1.6 | 19.35 | 49.42 | 68.77 | NOTE | |
r-devel-linux-x86_64-fedora-clang | 0.1.6 | 126.38 | NOTE | |||
r-devel-linux-x86_64-fedora-gcc | 0.1.6 | 113.81 | NOTE | |||
r-prerel-macos-arm64 | 0.1.6 | 33.00 | NOTE | |||
r-prerel-windows-x86_64 | 0.1.6 | 21.00 | 83.00 | 104.00 | NOTE | |
r-patched-linux-x86_64 | 0.1.6 | 17.24 | 65.00 | 82.24 | NOTE | |
r-release-linux-x86_64 | 0.1.6 | 17.40 | 62.42 | 79.82 | NOTE | |
r-release-macos-arm64 | 0.1.6 | 36.00 | NOTE | |||
r-release-macos-x86_64 | 0.1.6 | 71.00 | NOTE | |||
r-release-windows-x86_64 | 0.1.6 | 28.00 | 98.00 | 126.00 | NOTE | |
r-oldrel-macos-arm64 | 0.1.6 | 36.00 | OK | |||
r-oldrel-windows-x86_64 | 0.1.6 | 28.00 | 100.00 | 128.00 | OK |
Version: 0.1.6
Check: C++ specification
Result: NOTE
Specified C++11: please drop specification unless essential
Flavors: r-devel-linux-x86_64-debian-clang, r-devel-linux-x86_64-debian-gcc, r-devel-linux-x86_64-fedora-clang, r-devel-linux-x86_64-fedora-gcc, r-prerel-macos-arm64, r-prerel-windows-x86_64, r-patched-linux-x86_64, r-release-linux-x86_64, r-release-macos-arm64, r-release-macos-x86_64, r-release-windows-x86_64