Last updated on 2024-08-16 01:48:30 CEST.
Flavor | Version | Tinstall | Tcheck | Ttotal | Status | Flags |
---|---|---|---|---|---|---|
r-devel-linux-x86_64-debian-clang | 0.2.8 | 38.52 | 347.12 | 385.64 | NOTE | |
r-devel-linux-x86_64-debian-gcc | 0.2.8 | 29.50 | 232.80 | 262.30 | NOTE | |
r-devel-linux-x86_64-fedora-clang | 0.2.8 | 651.53 | OK | |||
r-devel-linux-x86_64-fedora-gcc | 0.2.8 | 631.28 | OK | |||
r-devel-windows-x86_64 | 0.2.8 | 28.00 | 252.00 | 280.00 | NOTE | |
r-patched-linux-x86_64 | 0.2.8 | 45.52 | 325.24 | 370.76 | OK | |
r-release-linux-x86_64 | 0.2.8 | 35.78 | 328.93 | 364.71 | OK | |
r-release-macos-arm64 | 0.2.8 | 290.00 | OK | |||
r-release-macos-x86_64 | 0.2.8 | 286.00 | OK | |||
r-release-windows-x86_64 | 0.2.8 | 27.00 | 252.00 | 279.00 | OK | |
r-oldrel-macos-arm64 | 0.2.8 | 141.00 | OK | |||
r-oldrel-macos-x86_64 | 0.2.8 | 357.00 | OK | |||
r-oldrel-windows-x86_64 | 0.2.8 | 38.00 | 334.00 | 372.00 | OK |
Version: 0.2.8
Check: Rd cross-references
Result: NOTE
Found the following Rd file(s) with Rd \link{} targets missing package
anchors:
sparrpowR-package.Rd: sparr, spatstat.random, spatstat.geom, terra,
doFuture, doRNG
spatial_data.Rd: spatstat.random
spatial_power.Rd: spatstat.random
Please provide package anchors for all Rd \link{} targets not in the
package itself and the base packages.
Flavors: r-devel-linux-x86_64-debian-clang, r-devel-linux-x86_64-debian-gcc, r-devel-windows-x86_64