Last updated on 2022-05-17 02:53:21 CEST.
Flavor | Version | Tinstall | Tcheck | Ttotal | Status | Flags |
---|---|---|---|---|---|---|
r-devel-linux-x86_64-debian-clang | 0.1.0 | 7.24 | 79.85 | 87.09 | NOTE | |
r-devel-linux-x86_64-debian-gcc | 0.1.0 | 6.57 | 61.21 | 67.78 | NOTE | |
r-devel-linux-x86_64-fedora-clang | 0.1.0 | 105.35 | NOTE | |||
r-devel-linux-x86_64-fedora-gcc | 0.1.0 | 103.44 | NOTE | |||
r-devel-windows-x86_64 | 0.1.0 | 16.00 | 95.00 | 111.00 | NOTE | |
r-patched-linux-x86_64 | 0.1.0 | 8.05 | 75.05 | 83.10 | NOTE | |
r-release-linux-x86_64 | 0.1.0 | 6.47 | 76.12 | 82.59 | NOTE | |
r-release-macos-arm64 | 0.1.0 | 29.00 | NOTE | |||
r-release-macos-x86_64 | 0.1.0 | 43.00 | NOTE | |||
r-release-windows-x86_64 | 0.1.0 | 22.00 | 93.00 | 115.00 | NOTE | |
r-oldrel-macos-arm64 | 0.1.0 | 34.00 | NOTE | |||
r-oldrel-macos-x86_64 | 0.1.0 | 56.00 | NOTE | |||
r-oldrel-windows-ix86+x86_64 | 0.1.0 | 17.00 | 89.00 | 106.00 | NOTE |
Version: 0.1.0
Check: LazyData
Result: NOTE
'LazyData' is specified without a 'data' directory
Flavors: r-devel-linux-x86_64-debian-clang, r-devel-linux-x86_64-debian-gcc, r-devel-linux-x86_64-fedora-clang, r-devel-linux-x86_64-fedora-gcc, r-devel-windows-x86_64, r-patched-linux-x86_64, r-release-linux-x86_64, r-release-macos-arm64, r-release-macos-x86_64, r-release-windows-x86_64, r-oldrel-macos-arm64, r-oldrel-macos-x86_64, r-oldrel-windows-ix86+x86_64