Last updated on 2024-04-24 01:52:27 CEST.
Flavor | Version | Tinstall | Tcheck | Ttotal | Status | Flags |
---|---|---|---|---|---|---|
r-devel-linux-x86_64-debian-clang | 4.0 | 6.76 | 36.39 | 43.15 | NOTE | |
r-devel-linux-x86_64-debian-gcc | 4.0 | 6.99 | 27.90 | 34.89 | NOTE | |
r-devel-linux-x86_64-fedora-clang | 4.0 | 55.94 | NOTE | |||
r-devel-linux-x86_64-fedora-gcc | 4.0 | 311.56 | NOTE | |||
r-prerel-macos-arm64 | 4.0 | 117.00 | NOTE | |||
r-prerel-windows-x86_64 | 4.0 | 10.00 | 50.00 | 60.00 | NOTE | |
r-patched-linux-x86_64 | 4.0 | 8.65 | 35.49 | 44.14 | NOTE | |
r-release-linux-x86_64 | 4.0 | 7.09 | 33.09 | 40.18 | OK | |
r-release-macos-arm64 | 4.0 | 128.00 | OK | |||
r-release-macos-x86_64 | 4.0 | 220.00 | OK | |||
r-release-windows-x86_64 | 4.0 | 9.00 | 54.00 | 63.00 | OK | |
r-oldrel-macos-arm64 | 4.0 | 112.00 | OK | |||
r-oldrel-windows-x86_64 | 4.0 | 11.00 | 58.00 | 69.00 | OK |
Version: 4.0
Check: Rd files
Result: NOTE
checkRd: (-1) elasticNetSEMcv.Rd:69: Lost braces in \itemize; \value handles \item{}{} directly
checkRd: (-1) elasticNetSEMcv.Rd:71-74: Lost braces in \itemize; \value handles \item{}{} directly
checkRd: (-1) elasticNetSEMcv.Rd:75-82: Lost braces in \itemize; \value handles \item{}{} directly
checkRd: (-1) elasticNetSEMcv.Rd:83-92: Lost braces in \itemize; \value handles \item{}{} directly
checkRd: (-1) elasticNetSEMcv.Rd:93: Lost braces in \itemize; \value handles \item{}{} directly
checkRd: (-1) elasticNetSEMcv.Rd:94: Lost braces in \itemize; \value handles \item{}{} directly
Flavors: r-devel-linux-x86_64-debian-clang, r-devel-linux-x86_64-debian-gcc, r-devel-linux-x86_64-fedora-clang, r-devel-linux-x86_64-fedora-gcc, r-prerel-macos-arm64, r-prerel-windows-x86_64, r-patched-linux-x86_64