CRAN Package Check Results for Package spatialreg

Last updated on 2022-06-26 01:49:01 CEST.

Flavor Version Tinstall Tcheck Ttotal Status Flags
r-devel-linux-x86_64-debian-clang 1.2-3 49.56 536.61 586.17 OK
r-devel-linux-x86_64-debian-gcc 1.2-3 43.65 395.71 439.36 OK
r-devel-linux-x86_64-fedora-clang 1.2-3 708.77 WARN
r-devel-linux-x86_64-fedora-gcc 1.2-3 695.20 WARN
r-devel-windows-x86_64 1.2-3 141.00 549.00 690.00 OK
r-patched-linux-x86_64 1.2-3 53.04 513.26 566.30 OK
r-release-linux-x86_64 1.2-3 49.19 505.41 554.60 OK
r-release-macos-arm64 1.2-3 142.00 OK
r-release-macos-x86_64 1.2-3 237.00 OK
r-release-windows-x86_64 1.2-3 67.00 628.00 695.00 OK
r-oldrel-macos-arm64 1.2-3 150.00 OK
r-oldrel-macos-x86_64 1.2-3 253.00 OK
r-oldrel-windows-ix86+x86_64 1.2-3 107.00 779.00 886.00 OK

Check Details

Version: 1.2-3
Check: package dependencies
Result: WARN
    Requires (indirectly) orphaned package: ‘gtools’
Flavors: r-devel-linux-x86_64-fedora-clang, r-devel-linux-x86_64-fedora-gcc