Last updated on 2025-01-19 01:48:35 CET.
Flavor | Version | Tinstall | Tcheck | Ttotal | Status | Flags |
---|---|---|---|---|---|---|
r-devel-linux-x86_64-debian-clang | 3.3-4 | 61.90 | 329.38 | 391.28 | OK | |
r-devel-linux-x86_64-debian-gcc | 3.3-5 | 40.71 | 210.09 | 250.80 | OK | |
r-devel-linux-x86_64-fedora-clang | 3.3-5 | 635.03 | OK | |||
r-devel-linux-x86_64-fedora-gcc | 3.3-5 | 603.00 | OK | |||
r-devel-windows-x86_64 | 3.3-4 | 82.00 | 446.00 | 528.00 | OK | |
r-patched-linux-x86_64 | 3.3-4 | 71.90 | 308.84 | 380.74 | OK | |
r-release-linux-x86_64 | 3.3-4 | 54.83 | 305.43 | 360.26 | OK | |
r-release-macos-arm64 | 3.3-4 | 141.00 | NOTE | |||
r-release-macos-x86_64 | 3.3-4 | 300.00 | NOTE | |||
r-release-windows-x86_64 | 3.3-4 | 82.00 | 435.00 | 517.00 | OK | |
r-oldrel-macos-arm64 | 3.3-4 | 136.00 | NOTE | |||
r-oldrel-macos-x86_64 | 3.3-4 | 286.00 | NOTE | |||
r-oldrel-windows-x86_64 | 3.3-4 | 95.00 | 513.00 | 608.00 | OK |
Version: 3.3-4
Check: installed package size
Result: NOTE
installed size is 5.1Mb
sub-directories of 1Mb or more:
R 2.1Mb
help 1.9Mb
Flavors: r-release-macos-arm64, r-release-macos-x86_64, r-oldrel-macos-arm64, r-oldrel-macos-x86_64