Last updated on 2025-05-20 01:48:59 CEST.
Flavor | Version | Tinstall | Tcheck | Ttotal | Status | Flags |
---|---|---|---|---|---|---|
r-devel-linux-x86_64-debian-clang | 3.1-0 | 8.38 | 85.51 | 93.89 | OK | |
r-devel-linux-x86_64-debian-gcc | 3.1-0 | 6.27 | 64.21 | 70.48 | OK | |
r-devel-linux-x86_64-fedora-clang | 3.1-0 | 155.78 | OK | |||
r-devel-linux-x86_64-fedora-gcc | 3.1-0 | 150.52 | OK | |||
r-devel-windows-x86_64 | 3.1-0 | 10.00 | 105.00 | 115.00 | OK | |
r-patched-linux-x86_64 | 3.1-0 | 8.70 | 81.67 | 90.37 | OK | |
r-release-linux-x86_64 | 3.1-0 | 8.87 | 82.81 | 91.68 | OK | |
r-release-macos-arm64 | 3.1-0 | 57.00 | OK | |||
r-release-macos-x86_64 | 3.1-0 | 104.00 | OK | |||
r-release-windows-x86_64 | 3.1-0 | 11.00 | 93.00 | 104.00 | OK | |
r-oldrel-macos-arm64 | 3.1-0 | 59.00 | NOTE | |||
r-oldrel-macos-x86_64 | 3.1-0 | 93.00 | NOTE | |||
r-oldrel-windows-x86_64 | 3.1-0 | 12.00 | 109.00 | 121.00 | NOTE |
Version: 3.1-0
Check: package dependencies
Result: NOTE
Depends: includes the non-default packages:
'spatstat.data', 'spatstat.univar', 'spatstat.geom',
'spatstat.random', 'spatstat.explore', 'spatstat.model',
'spatstat.linnet', 'spatstat', 'rpanel', 'tcltk'
Adding so many packages to the search path is excessive and importing
selectively is preferable.
Flavors: r-oldrel-macos-arm64, r-oldrel-macos-x86_64, r-oldrel-windows-x86_64