CRAN Package Check Results for Package spatstat.gui

Last updated on 2025-10-09 02:51:57 CEST.

Flavor Version Tinstall Tcheck Ttotal Status Flags
r-devel-linux-x86_64-debian-clang 3.1-0 9.87 90.92 100.79 OK
r-devel-linux-x86_64-debian-gcc 3.1-0 7.82 74.92 82.74 OK
r-devel-linux-x86_64-fedora-clang 3.1-0 159.62 OK
r-devel-linux-x86_64-fedora-gcc 3.1-0 150.41 OK
r-devel-windows-x86_64 3.1-0 11.00 93.00 104.00 OK
r-patched-linux-x86_64 3.1-0 9.11 84.16 93.27 OK
r-release-linux-x86_64 3.1-0 8.58 83.98 92.56 OK
r-release-macos-arm64 3.1-0 57.00 OK
r-release-macos-x86_64 3.1-0 104.00 OK
r-release-windows-x86_64 3.1-0 10.00 91.00 101.00 OK
r-oldrel-macos-arm64 3.1-0 59.00 NOTE
r-oldrel-macos-x86_64 3.1-0 93.00 NOTE
r-oldrel-windows-x86_64 3.1-0 13.00 109.00 122.00 NOTE

Check Details

Version: 3.1-0
Check: package dependencies
Result: NOTE Depends: includes the non-default packages: 'spatstat.data', 'spatstat.univar', 'spatstat.geom', 'spatstat.random', 'spatstat.explore', 'spatstat.model', 'spatstat.linnet', 'spatstat', 'rpanel', 'tcltk' Adding so many packages to the search path is excessive and importing selectively is preferable. Flavors: r-oldrel-macos-arm64, r-oldrel-macos-x86_64, r-oldrel-windows-x86_64