Last updated on 2024-04-24 01:52:27 CEST.
Flavor | Version | Tinstall | Tcheck | Ttotal | Status | Flags |
---|---|---|---|---|---|---|
r-devel-linux-x86_64-debian-clang | 0.6.0 | 8.43 | 99.24 | 107.67 | OK | |
r-devel-linux-x86_64-debian-gcc | 0.6.0 | 6.96 | 72.73 | 79.69 | OK | |
r-devel-linux-x86_64-fedora-clang | 0.6.0 | 130.01 | NOTE | |||
r-devel-linux-x86_64-fedora-gcc | 0.6.0 | 124.91 | OK | |||
r-prerel-macos-arm64 | 0.6.0 | 37.00 | OK | |||
r-prerel-windows-x86_64 | 0.6.0 | 8.00 | 85.00 | 93.00 | OK | |
r-patched-linux-x86_64 | 0.6.0 | 9.15 | 93.84 | 102.99 | OK | |
r-release-linux-x86_64 | 0.6.0 | 8.29 | 93.15 | 101.44 | OK | |
r-release-macos-arm64 | 0.6.0 | 40.00 | OK | |||
r-release-macos-x86_64 | 0.6.0 | 64.00 | OK | |||
r-release-windows-x86_64 | 0.6.0 | 11.00 | 102.00 | 113.00 | OK | |
r-oldrel-macos-arm64 | 0.6.0 | 47.00 | OK | |||
r-oldrel-windows-x86_64 | 0.6.0 | 12.00 | 105.00 | 117.00 | OK |
Version: 0.6.0
Check: Rd cross-references
Result: NOTE
Undeclared package ‘vctrs’ in Rd xrefs
Flavor: r-devel-linux-x86_64-fedora-clang