Last updated on 2024-05-06 02:52:40 CEST.
Flavor | Version | Tinstall | Tcheck | Ttotal | Status | Flags |
---|---|---|---|---|---|---|
r-devel-linux-x86_64-debian-clang | 0.5-4 | 22.38 | 273.33 | 295.71 | NOTE | |
r-devel-linux-x86_64-debian-gcc | 0.5-4 | 18.11 | 204.59 | 222.70 | NOTE | |
r-devel-linux-x86_64-fedora-clang | 0.5-4 | 380.16 | NOTE | |||
r-devel-linux-x86_64-fedora-gcc | 0.5-4 | 381.15 | NOTE | |||
r-devel-windows-x86_64 | 0.5-4 | 19.00 | 229.00 | 248.00 | NOTE | |
r-patched-linux-x86_64 | 0.5-4 | 22.65 | 258.08 | 280.73 | NOTE | |
r-release-linux-x86_64 | 0.5-4 | 14.18 | 255.86 | 270.04 | NOTE | |
r-release-macos-arm64 | 0.5-4 | 112.00 | NOTE | |||
r-release-windows-x86_64 | 0.5-4 | 20.00 | 234.00 | 254.00 | NOTE | |
r-oldrel-macos-arm64 | 0.5-4 | 105.00 | OK | |||
r-oldrel-macos-x86_64 | 0.5-4 | 276.00 | OK | |||
r-oldrel-windows-x86_64 | 0.5-4 | 26.00 | 280.00 | 306.00 | OK |
Version: 0.5-4
Check: Rd files
Result: NOTE
checkRd: (-1) australia.Rd:15: Lost braces in \itemize; meant \describe ?
checkRd: (-1) australia.Rd:16: Lost braces in \itemize; meant \describe ?
checkRd: (-1) australia.Rd:17: Lost braces in \itemize; meant \describe ?
checkRd: (-1) australia.Rd:18: Lost braces in \itemize; meant \describe ?
checkRd: (-1) australia.Rd:19: Lost braces in \itemize; meant \describe ?
Flavors: r-devel-linux-x86_64-debian-clang, r-devel-linux-x86_64-debian-gcc, r-devel-linux-x86_64-fedora-clang, r-devel-linux-x86_64-fedora-gcc, r-devel-windows-x86_64, r-patched-linux-x86_64, r-release-linux-x86_64, r-release-macos-arm64, r-release-windows-x86_64