Last updated on 2023-06-07 02:01:14 CEST.
Flavor | Version | Tinstall | Tcheck | Ttotal | Status | Flags |
---|---|---|---|---|---|---|
r-devel-linux-x86_64-debian-clang | 0.2.3 | 63.03 | 86.23 | 149.26 | OK | |
r-devel-linux-x86_64-debian-gcc | 0.2.3 | 49.51 | 66.13 | 115.64 | OK | |
r-devel-linux-x86_64-fedora-clang | 0.2.3 | 233.77 | OK | |||
r-devel-linux-x86_64-fedora-gcc | 0.2.3 | 220.19 | OK | |||
r-devel-windows-x86_64 | 0.2.3 | 51.00 | 108.00 | 159.00 | OK | |
r-patched-linux-x86_64 | 0.2.3 | 48.86 | 82.41 | 131.27 | OK | |
r-release-linux-x86_64 | 0.2.3 | 55.70 | 81.04 | 136.74 | OK | |
r-release-macos-arm64 | 0.2.3 | 62.00 | NOTE | |||
r-release-macos-x86_64 | 0.2.3 | 107.00 | NOTE | |||
r-release-windows-x86_64 | 0.2.3 | 67.00 | 131.00 | 198.00 | OK | |
r-oldrel-macos-arm64 | 0.2.3 | 52.00 | NOTE | |||
r-oldrel-macos-x86_64 | 0.2.3 | 76.00 | NOTE | |||
r-oldrel-windows-x86_64 | 0.2.3 | 61.00 | 126.00 | 187.00 | OK |
Version: 0.2.3
Check: installed package size
Result: NOTE
installed size is 7.4Mb
sub-directories of 1Mb or more:
doc 3.1Mb
libs 3.9Mb
Flavors: r-release-macos-arm64, r-release-macos-x86_64, r-oldrel-macos-arm64, r-oldrel-macos-x86_64