Last updated on 2024-04-26 01:53:26 CEST.
Flavor | Version | Tinstall | Tcheck | Ttotal | Status | Flags |
---|---|---|---|---|---|---|
r-devel-linux-x86_64-debian-clang | 1.0.2 | 53.51 | 45.66 | 99.17 | NOTE | |
r-devel-linux-x86_64-debian-gcc | 1.0.2 | 43.58 | 34.15 | 77.73 | NOTE | |
r-devel-linux-x86_64-fedora-clang | 1.0.2 | 140.20 | NOTE | |||
r-devel-linux-x86_64-fedora-gcc | 1.0.2 | 154.20 | NOTE | |||
r-devel-windows-x86_64 | 1.0.2 | 43.00 | 79.00 | 122.00 | NOTE | |
r-patched-linux-x86_64 | 1.0.2 | 46.53 | 44.01 | 90.54 | NOTE | |
r-release-linux-x86_64 | 1.0.2 | 40.10 | 41.96 | 82.06 | NOTE | |
r-release-macos-arm64 | 1.0.2 | 48.00 | NOTE | |||
r-release-windows-x86_64 | 1.0.2 | 45.00 | 77.00 | 122.00 | NOTE | |
r-oldrel-macos-arm64 | 1.0.2 | 52.00 | NOTE | |||
r-oldrel-macos-x86_64 | 1.0.2 | 95.00 | NOTE | |||
r-oldrel-windows-x86_64 | 1.0.2 | 55.00 | 87.00 | 142.00 | NOTE |
Version: 1.0.2
Check: C++ specification
Result: NOTE
Specified C++11: please drop specification unless essential
Flavors: r-devel-linux-x86_64-debian-clang, r-devel-linux-x86_64-debian-gcc, r-devel-linux-x86_64-fedora-clang, r-devel-linux-x86_64-fedora-gcc, r-devel-windows-x86_64, r-patched-linux-x86_64, r-release-linux-x86_64, r-release-macos-arm64, r-release-windows-x86_64, r-oldrel-macos-arm64, r-oldrel-macos-x86_64, r-oldrel-windows-x86_64
Version: 1.0.2
Check: installed package size
Result: NOTE
installed size is 6.9Mb
sub-directories of 1Mb or more:
libs 6.6Mb
Flavors: r-release-macos-arm64, r-oldrel-macos-arm64, r-oldrel-macos-x86_64