Last updated on 2022-05-27 02:50:27 CEST.
Flavor | Version | Tinstall | Tcheck | Ttotal | Status | Flags |
---|---|---|---|---|---|---|
r-devel-linux-x86_64-debian-clang | 1.0.2 | 48.29 | 49.64 | 97.93 | OK | |
r-devel-linux-x86_64-debian-gcc | 1.0.2 | 50.32 | 43.36 | 93.68 | OK | |
r-devel-linux-x86_64-fedora-clang | 1.0.2 | 151.54 | OK | |||
r-devel-linux-x86_64-fedora-gcc | 1.0.2 | 127.26 | OK | |||
r-devel-windows-x86_64 | 1.0.2 | 54.00 | 97.00 | 151.00 | OK | |
r-patched-linux-x86_64 | 1.0.2 | 43.21 | 48.53 | 91.74 | OK | |
r-release-linux-x86_64 | 1.0.2 | 38.42 | 47.47 | 85.89 | OK | |
r-release-macos-arm64 | 1.0.2 | 41.00 | NOTE | |||
r-release-macos-x86_64 | 1.0.2 | 67.00 | NOTE | |||
r-release-windows-x86_64 | 1.0.2 | 63.00 | 97.00 | 160.00 | OK | |
r-oldrel-macos-arm64 | 1.0.2 | 53.00 | NOTE | |||
r-oldrel-macos-x86_64 | 1.0.2 | 51.00 | NOTE | |||
r-oldrel-windows-ix86+x86_64 | 1.0.2 | 124.00 | 97.00 | 221.00 | OK |
Version: 1.0.2
Check: installed package size
Result: NOTE
installed size is 6.9Mb
sub-directories of 1Mb or more:
libs 6.6Mb
Flavors: r-release-macos-arm64, r-release-macos-x86_64, r-oldrel-macos-arm64, r-oldrel-macos-x86_64