Last updated on 2024-08-16 01:48:31 CEST.
Flavor | Version | Tinstall | Tcheck | Ttotal | Status | Flags |
---|---|---|---|---|---|---|
r-devel-linux-x86_64-debian-clang | 1.0 | 90.22 | 25.86 | 116.08 | OK | |
r-devel-linux-x86_64-debian-gcc | 1.0 | 67.13 | 19.80 | 86.93 | OK | |
r-devel-linux-x86_64-fedora-clang | 1.0 | 236.50 | OK | |||
r-devel-linux-x86_64-fedora-gcc | 1.0 | 250.43 | OK | |||
r-devel-windows-x86_64 | 1.0 | 100.00 | 71.00 | 171.00 | OK | |
r-patched-linux-x86_64 | 1.0 | 92.92 | 24.54 | 117.46 | OK | |
r-release-linux-x86_64 | 1.0 | 98.09 | 24.62 | 122.71 | OK | |
r-release-macos-arm64 | 1.0 | 51.00 | NOTE | |||
r-release-macos-x86_64 | 1.0 | 53.00 | NOTE | |||
r-release-windows-x86_64 | 1.0 | 102.00 | 63.00 | 165.00 | OK | |
r-oldrel-macos-arm64 | 1.0 | 63.00 | NOTE | |||
r-oldrel-macos-x86_64 | 1.0 | 71.00 | NOTE | |||
r-oldrel-windows-x86_64 | 1.0 | 118.00 | 76.00 | 194.00 | OK |
Version: 1.0
Check: installed package size
Result: NOTE
installed size is 7.0Mb
sub-directories of 1Mb or more:
libs 6.7Mb
Flavors: r-release-macos-arm64, r-release-macos-x86_64, r-oldrel-macos-arm64, r-oldrel-macos-x86_64