Last updated on 2024-05-02 01:57:17 CEST.
Flavor | Version | Tinstall | Tcheck | Ttotal | Status | Flags |
---|---|---|---|---|---|---|
r-devel-linux-x86_64-debian-clang | 1.3.0 | 204.88 | 194.11 | 398.99 | OK | |
r-devel-linux-x86_64-debian-gcc | 1.3.0 | 169.07 | 133.92 | 302.99 | OK | |
r-devel-linux-x86_64-fedora-clang | 1.3.0 | 552.69 | NOTE | |||
r-devel-linux-x86_64-fedora-gcc | 1.3.0 | 580.69 | NOTE | |||
r-devel-windows-x86_64 | 1.3.0 | 164.00 | 280.00 | 444.00 | OK | |
r-patched-linux-x86_64 | 1.3.0 | 217.99 | 184.97 | 402.96 | OK | |
r-release-linux-x86_64 | 1.3.0 | 208.37 | 182.36 | 390.73 | OK | |
r-release-macos-arm64 | 1.3.0 | 165.00 | NOTE | |||
r-release-windows-x86_64 | 1.3.0 | 163.00 | 276.00 | 439.00 | OK | |
r-oldrel-macos-arm64 | 1.3.0 | 179.00 | NOTE | |||
r-oldrel-macos-x86_64 | 1.3.0 | 306.00 | NOTE | |||
r-oldrel-windows-x86_64 | 1.3.0 | 198.00 | 310.00 | 508.00 | OK |
Version: 1.3.0
Check: data for non-ASCII characters
Result: NOTE
Note: found 189 marked UTF-8 strings
Flavors: r-devel-linux-x86_64-fedora-clang, r-devel-linux-x86_64-fedora-gcc
Version: 1.3.0
Check: installed package size
Result: NOTE
installed size is 17.2Mb
sub-directories of 1Mb or more:
libs 16.1Mb
Flavors: r-release-macos-arm64, r-oldrel-macos-arm64, r-oldrel-macos-x86_64