CRAN Package Check Results for Package spiritR

Last updated on 2023-09-23 01:54:26 CEST.

Flavor Version Tinstall Tcheck Ttotal Status Flags
r-devel-linux-x86_64-debian-clang 0.1.1 2.27 27.05 29.32 NOTE
r-devel-linux-x86_64-debian-gcc 0.1.1 1.93 21.35 23.28 NOTE
r-devel-linux-x86_64-fedora-clang 0.1.1 39.05 NOTE
r-devel-linux-x86_64-fedora-gcc 0.1.1 49.04 NOTE
r-devel-windows-x86_64 0.1.1 5.00 46.00 51.00 NOTE
r-patched-linux-x86_64 0.1.1 3.10 26.40 29.50 NOTE
r-release-linux-x86_64 0.1.1 2.85 26.78 29.63 NOTE
r-release-macos-arm64 0.1.1 27.00 NOTE
r-release-macos-x86_64 0.1.1 35.00 NOTE
r-release-windows-x86_64 0.1.1 5.00 46.00 51.00 NOTE
r-oldrel-macos-arm64 0.1.1 16.00 NOTE
r-oldrel-macos-x86_64 0.1.1 24.00 NOTE
r-oldrel-windows-x86_64 0.1.1 5.00 47.00 52.00 NOTE

Check Details

Version: 0.1.1
Check: LazyData
Result: NOTE
     'LazyData' is specified without a 'data' directory
Flavors: r-devel-linux-x86_64-debian-clang, r-devel-linux-x86_64-debian-gcc, r-devel-linux-x86_64-fedora-clang, r-devel-linux-x86_64-fedora-gcc, r-devel-windows-x86_64, r-patched-linux-x86_64, r-release-linux-x86_64, r-release-macos-arm64, r-release-macos-x86_64, r-release-windows-x86_64, r-oldrel-macos-arm64, r-oldrel-macos-x86_64, r-oldrel-windows-x86_64