Last updated on 2024-04-18 01:55:35 CEST.
Flavor | Version | Tinstall | Tcheck | Ttotal | Status | Flags |
---|---|---|---|---|---|---|
r-devel-linux-x86_64-debian-clang | 1.2.2 | 5.82 | 48.80 | 54.62 | NOTE | |
r-devel-linux-x86_64-debian-gcc | 1.2.2 | 6.22 | 37.10 | 43.32 | NOTE | |
r-devel-linux-x86_64-fedora-clang | 1.2.2 | 70.16 | NOTE | |||
r-devel-linux-x86_64-fedora-gcc | 1.2.2 | 79.29 | NOTE | |||
r-prerel-macos-arm64 | 1.2.2 | 31.00 | NOTE | |||
r-prerel-windows-x86_64 | 1.2.2 | 9.00 | 63.00 | 72.00 | NOTE | |
r-patched-linux-x86_64 | 1.2.2 | 7.13 | 45.78 | 52.91 | NOTE | |
r-release-linux-x86_64 | 1.2.2 | 8.25 | 45.71 | 53.96 | OK | |
r-release-macos-arm64 | 1.2.2 | 32.00 | OK | |||
r-release-macos-x86_64 | 1.2.2 | 48.00 | OK | |||
r-release-windows-x86_64 | 1.2.2 | 11.00 | 70.00 | 81.00 | OK | |
r-oldrel-macos-arm64 | 1.2.2 | 23.00 | NOTE | |||
r-oldrel-windows-x86_64 | 1.2.2 | 12.00 | 68.00 | 80.00 | OK |
Version: 1.2.2
Check: Rd files
Result: NOTE
checkRd: (-1) gbmidwcv.Rd:118: Lost braces
118 | rfcv{randomForest} and gbm
| ^
checkRd: (-1) gbmokgbmidwcv.Rd:108: Lost braces
108 | variable and anisotropy parameters. see notes vgm{gstat} for details.
| ^
Flavors: r-devel-linux-x86_64-debian-clang, r-devel-linux-x86_64-debian-gcc, r-devel-linux-x86_64-fedora-clang, r-devel-linux-x86_64-fedora-gcc, r-prerel-macos-arm64, r-prerel-windows-x86_64, r-patched-linux-x86_64
Version: 1.2.2
Check: dependencies in R code
Result: NOTE
Namespace in Imports field not imported from: ‘biomod2’
All declared Imports should be used.
Flavors: r-devel-linux-x86_64-fedora-clang, r-devel-linux-x86_64-fedora-gcc, r-oldrel-macos-arm64