Last updated on 2025-10-05 01:48:43 CEST.
Flavor | Version | Tinstall | Tcheck | Ttotal | Status | Flags |
---|---|---|---|---|---|---|
r-devel-linux-x86_64-debian-clang | 0.3.3 | 38.53 | 213.77 | 252.30 | NOTE | |
r-devel-linux-x86_64-debian-gcc | 0.3.3 | 23.91 | 143.83 | 167.74 | NOTE | |
r-devel-linux-x86_64-fedora-clang | 0.3.3 | 407.98 | NOTE | |||
r-devel-linux-x86_64-fedora-gcc | 0.3.3 | 406.77 | NOTE | |||
r-devel-windows-x86_64 | 0.3.3 | 36.00 | 182.00 | 218.00 | NOTE | |
r-patched-linux-x86_64 | 0.3.3 | 34.89 | 202.34 | 237.23 | NOTE | |
r-release-linux-x86_64 | 0.3.3 | 38.97 | 201.35 | 240.32 | NOTE | |
r-release-macos-arm64 | 0.3.3 | 89.00 | NOTE | |||
r-release-macos-x86_64 | 0.3.3 | 201.00 | NOTE | |||
r-release-windows-x86_64 | 0.3.3 | 36.00 | 181.00 | 217.00 | NOTE | |
r-oldrel-macos-arm64 | 0.3.3 | 93.00 | OK | |||
r-oldrel-macos-x86_64 | 0.3.3 | 211.00 | OK | |||
r-oldrel-windows-x86_64 | 0.3.3 | 52.00 | 248.00 | 300.00 | OK |
Version: 0.3.3
Check: DESCRIPTION meta-information
Result: NOTE
Missing dependency on R >= 4.2.0 because package code uses the pipe
placeholder syntax added in R 4.2.0.
File(s) using such syntax:
‘addlearn_local.R’
Flavors: r-devel-linux-x86_64-debian-clang, r-devel-linux-x86_64-debian-gcc, r-devel-linux-x86_64-fedora-clang, r-devel-linux-x86_64-fedora-gcc, r-devel-windows-x86_64, r-patched-linux-x86_64, r-release-linux-x86_64, r-release-macos-arm64, r-release-macos-x86_64, r-release-windows-x86_64