CRAN Package Check Results for Package spocc

Last updated on 2025-07-03 01:49:07 CEST.

Flavor Version Tinstall Tcheck Ttotal Status Flags
r-devel-linux-x86_64-debian-clang 1.2.3 9.55 75.92 85.47 NOTE
r-devel-linux-x86_64-debian-gcc 1.2.3 6.91 53.00 59.91 NOTE
r-devel-linux-x86_64-fedora-clang 1.2.3 133.51 OK
r-devel-linux-x86_64-fedora-gcc 1.2.3 117.70 OK
r-devel-windows-x86_64 1.2.3 13.00 92.00 105.00 NOTE
r-patched-linux-x86_64 1.2.3 9.65 70.40 80.05 NOTE
r-release-linux-x86_64 1.2.3 9.55 69.07 78.62 NOTE
r-release-macos-arm64 1.2.3 35.00 OK
r-release-macos-x86_64 1.2.3 66.00 OK
r-release-windows-x86_64 1.2.3 12.00 95.00 107.00 NOTE
r-oldrel-macos-arm64 1.2.3 37.00 OK
r-oldrel-macos-x86_64 1.2.3 89.00 OK
r-oldrel-windows-x86_64 1.2.3 15.00 111.00 126.00 OK

Check Details

Version: 1.2.3
Check: Rd cross-references
Result: NOTE Found the following Rd file(s) with Rd \link{} targets missing package anchors: as.idigbio.Rd: idig_search_records Please provide package anchors for all Rd \link{} targets not in the package itself and the base packages. Flavors: r-devel-linux-x86_64-debian-clang, r-devel-linux-x86_64-debian-gcc, r-devel-windows-x86_64, r-patched-linux-x86_64, r-release-linux-x86_64, r-release-windows-x86_64