Last updated on 2023-06-05 01:52:19 CEST.
Flavor | Version | Tinstall | Tcheck | Ttotal | Status | Flags |
---|---|---|---|---|---|---|
r-devel-linux-x86_64-debian-clang | 0.2.0 | 28.85 | 109.30 | 138.15 | NOTE | |
r-devel-linux-x86_64-debian-gcc | 0.2.0 | 25.59 | 80.64 | 106.23 | NOTE | |
r-devel-linux-x86_64-fedora-clang | 0.2.0 | 197.15 | NOTE | |||
r-devel-linux-x86_64-fedora-gcc | 0.2.0 | 185.14 | NOTE | |||
r-devel-windows-x86_64 | 0.2.0 | 27.00 | 118.00 | 145.00 | NOTE | |
r-patched-linux-x86_64 | 0.2.0 | 28.21 | 100.79 | 129.00 | NOTE | |
r-release-linux-x86_64 | 0.2.0 | 24.56 | 100.99 | 125.55 | NOTE | |
r-release-macos-arm64 | 0.2.0 | 61.00 | NOTE | |||
r-release-macos-x86_64 | 0.2.0 | 110.00 | NOTE | |||
r-release-windows-x86_64 | 0.2.0 | 34.00 | 140.00 | 174.00 | NOTE | |
r-oldrel-macos-arm64 | 0.2.0 | 55.00 | NOTE | |||
r-oldrel-macos-x86_64 | 0.2.0 | 94.00 | NOTE | |||
r-oldrel-windows-x86_64 | 0.2.0 | 33.00 | 146.00 | 179.00 | OK |
Version: 0.2.0
Check: C++ specification
Result: NOTE
Specified C++11: please drop specification unless essential
Flavors: r-devel-linux-x86_64-debian-clang, r-devel-linux-x86_64-debian-gcc, r-devel-linux-x86_64-fedora-clang, r-devel-linux-x86_64-fedora-gcc, r-devel-windows-x86_64, r-patched-linux-x86_64, r-release-linux-x86_64, r-release-macos-arm64, r-release-macos-x86_64, r-release-windows-x86_64
Version: 0.2.0
Check: data for non-ASCII characters
Result: NOTE
Note: found 7587 marked UTF-8 strings
Flavors: r-devel-linux-x86_64-fedora-clang, r-devel-linux-x86_64-fedora-gcc, r-oldrel-macos-arm64, r-oldrel-macos-x86_64