Last updated on 2024-04-23 01:57:16 CEST.
Flavor | Version | Tinstall | Tcheck | Ttotal | Status | Flags |
---|---|---|---|---|---|---|
r-devel-linux-x86_64-debian-clang | 2.2.4 | 8.95 | 81.99 | 90.94 | NOTE | |
r-devel-linux-x86_64-debian-gcc | 2.2.4 | 7.68 | 60.53 | 68.21 | NOTE | |
r-devel-linux-x86_64-fedora-clang | 2.2.4 | 115.08 | NOTE | |||
r-devel-linux-x86_64-fedora-gcc | 2.2.4 | 107.83 | NOTE | |||
r-prerel-macos-arm64 | 2.2.4 | 36.00 | NOTE | |||
r-prerel-windows-x86_64 | 2.2.4 | 12.00 | 86.00 | 98.00 | NOTE | |
r-patched-linux-x86_64 | 2.2.4 | 11.19 | 77.76 | 88.95 | NOTE | |
r-release-linux-x86_64 | 2.2.4 | 5.68 | 75.73 | 81.41 | OK | |
r-release-macos-arm64 | 2.2.4 | 32.00 | OK | |||
r-release-macos-x86_64 | 2.2.4 | 52.00 | OK | |||
r-release-windows-x86_64 | 2.2.4 | 12.00 | 102.00 | 114.00 | OK | |
r-oldrel-macos-arm64 | 2.2.4 | 34.00 | OK | |||
r-oldrel-windows-x86_64 | 2.2.4 | 12.00 | 90.00 | 102.00 | OK |
Version: 2.2.4
Check: Rd files
Result: NOTE
checkRd: (-1) get_my_currently_playing.Rd:15: Lost braces
15 | href{https://developer.spotify.com/documentation/general/guides/track-relinking-guide/}{Track Relinking}}
| ^
checkRd: (-1) get_my_currently_playing.Rd:15: Lost braces
15 | href{https://developer.spotify.com/documentation/general/guides/track-relinking-guide/}{Track Relinking}}
| ^
Flavors: r-devel-linux-x86_64-debian-clang, r-devel-linux-x86_64-debian-gcc, r-devel-linux-x86_64-fedora-clang, r-devel-linux-x86_64-fedora-gcc, r-prerel-macos-arm64, r-prerel-windows-x86_64, r-patched-linux-x86_64