CRAN Package Check Results for Package spreadr

Last updated on 2020-05-29 03:48:38 CEST.

Flavor Version Tinstall Tcheck Ttotal Status Flags
r-devel-linux-x86_64-debian-clang 0.1.0 18.56 30.81 49.37 NOTE
r-devel-linux-x86_64-debian-gcc 0.1.0 12.73 24.42 37.15 NOTE
r-devel-linux-x86_64-fedora-clang 0.1.0 65.90 NOTE
r-devel-linux-x86_64-fedora-gcc 0.1.0 60.35 NOTE
r-devel-windows-ix86+x86_64 0.1.0 52.00 121.00 173.00 NOTE
r-patched-linux-x86_64 0.1.0 14.78 31.19 45.97 NOTE
r-patched-solaris-x86 0.1.0 80.00 NOTE
r-release-linux-x86_64 0.1.0 15.04 30.96 46.00 NOTE
r-release-osx-x86_64 0.1.0 NOTE
r-release-windows-ix86+x86_64 0.1.0 44.00 150.00 194.00 NOTE
r-oldrel-osx-x86_64 0.1.0 NOTE
r-oldrel-windows-ix86+x86_64 0.1.0 40.00 67.00 107.00 OK

Check Details

Version: 0.1.0
Check: package vignettes
Result: NOTE
    Package vignette with placeholder title 'Vignette Title':
     'spreadr_vignette.Rmd'
Flavors: r-devel-linux-x86_64-debian-clang, r-devel-linux-x86_64-debian-gcc, r-devel-windows-ix86+x86_64, r-patched-linux-x86_64, r-release-linux-x86_64, r-release-windows-ix86+x86_64

Version: 0.1.0
Check: dependencies in R code
Result: NOTE
    Namespaces in Imports field not imported from:
     ‘extrafont’ ‘ggplot2’
     All declared Imports should be used.
Flavors: r-devel-linux-x86_64-fedora-clang, r-devel-linux-x86_64-fedora-gcc, r-patched-solaris-x86, r-release-osx-x86_64, r-oldrel-osx-x86_64